{"id":1018,"date":"2026-01-09T10:33:03","date_gmt":"2026-01-09T09:33:03","guid":{"rendered":"https:\/\/shop.dohlad.info\/index.php\/product\/wall-speaker-biela\/"},"modified":"2026-02-08T23:23:55","modified_gmt":"2026-02-08T22:23:55","slug":"wall-speaker-biela","status":"publish","type":"product","link":"https:\/\/loxone.ctw.sk\/index.php\/product\/wall-speaker-biela\/","title":{"rendered":"WALL Speaker biela"},"content":{"rendered":"<p>N\u00e1stenn\u00fd reproduktor WALL Speaker biela je flexibiln\u00fd dvojp\u00e1smov\u00fd reproduktor, ktor\u00fd bol \u0161peci\u00e1lne vyvinut\u00fd pre <strong>pou\u017eitie v bl\u00edzkosti steny<\/strong>. To vy\u017eaduje \u0161pecificky rie\u0161en\u00fa ozvu\u010dnicu. Inak by doch\u00e1dzalo k skresleniu zvuku kv\u00f4li f\u00e1zov\u00e9mu posunu pri odraze zvukov\u00fdch v\u013an od steny. Reproduktor dokonale lad\u00ed s\u00a0<a href=\"https:\/\/shop.loxone.com\/sksk\/audioserver.html\">Loxone Audioserverom<\/a>\u00a0a v\u0161etky komponenty a diely reproduktoru s\u00fa optimalizovan\u00e9 pre n\u00edzke skreslenie hudby a maxim\u00e1lne rozl\u00ed\u0161enie detailov.<\/p>\n<ul>\n<li>Integrovan\u00e9 zavesenie, je mo\u017en\u00e9 namontova\u0165 horizont\u00e1lne \u010di vertik\u00e1lne<\/li>\n<li>Pas\u00edvna membr\u00e1na pre posilnenie basov<\/li>\n<li>Papier vystu\u017een\u00fd vl\u00e1knami\u00a0\u2013 vysok\u00e1 tuhos\u0165 a n\u00edzka hmostnos\u0165 ved\u00fa k men\u0161iemu skresleniu a \u010dist\u00e9mu zvuku<\/li>\n<li>Trieda ochrany: IP20 (pou\u017eitie v interi\u00e9ri)<\/li>\n<li>Dizajno zagu\u013eaten\u00e9 hrany<\/li>\n<li>Po novom m\u00e1 reproduktor ochrann\u00fa mrie\u017eku namiesto predn\u00e9ho l\u00e1tkov\u00e9ho krytu.<\/li>\n<\/ul>\n","protected":false},"excerpt":{"rendered":"<p>N\u00e1stenn\u00fd reproduktor WALL Speaker biela je flexibiln\u00fd dvojp\u00e1smov\u00fd reproduktor, ktor\u00fd bol \u0161peci\u00e1lne vyvinut\u00fd pre <strong>pou\u017eitie v bl\u00edzkosti steny<\/strong>. To vy\u017eaduje \u0161pecificky rie\u0161en\u00fa ozvu\u010dnicu. Inak by doch\u00e1dzalo k skresleniu zvuku kv\u00f4li f\u00e1zov\u00e9mu posunu pri odraze zvukov\u00fdch v\u013an od steny. Reproduktor dokonale lad\u00ed s\u00a0<a href=\"https:\/\/shop.loxone.com\/sksk\/audioserver.html\">Loxone Audioserverom<\/a>\u00a0a v\u0161etky komponenty a diely reproduktoru s\u00fa optimalizovan\u00e9 pre n\u00edzke skreslenie hudby a maxim\u00e1lne rozl\u00ed\u0161enie detailov.<\/p>\n<p>&nbsp;<\/p>\n","protected":false},"featured_media":1861,"template":"","meta":[],"location":[],"product_brand":[],"product_cat":[357],"product_tag":[],"class_list":{"0":"post-1018","1":"product","2":"type-product","3":"status-publish","4":"has-post-thumbnail","6":"product_cat-pasivne-reproduktory","8":"first","9":"instock","10":"sold-individually","11":"taxable","12":"shipping-taxable","13":"purchasable","14":"product-type-simple"},"locations":[],"_links":{"self":[{"href":"https:\/\/loxone.ctw.sk\/index.php\/wp-json\/wp\/v2\/product\/1018","targetHints":{"allow":["GET"]}}],"collection":[{"href":"https:\/\/loxone.ctw.sk\/index.php\/wp-json\/wp\/v2\/product"}],"about":[{"href":"https:\/\/loxone.ctw.sk\/index.php\/wp-json\/wp\/v2\/types\/product"}],"wp:featuredmedia":[{"embeddable":true,"href":"https:\/\/loxone.ctw.sk\/index.php\/wp-json\/wp\/v2\/media\/1861"}],"wp:attachment":[{"href":"https:\/\/loxone.ctw.sk\/index.php\/wp-json\/wp\/v2\/media?parent=1018"}],"wp:term":[{"taxonomy":"location","embeddable":true,"href":"https:\/\/loxone.ctw.sk\/index.php\/wp-json\/wp\/v2\/location?post=1018"},{"taxonomy":"product_brand","embeddable":true,"href":"https:\/\/loxone.ctw.sk\/index.php\/wp-json\/wp\/v2\/product_brand?post=1018"},{"taxonomy":"product_cat","embeddable":true,"href":"https:\/\/loxone.ctw.sk\/index.php\/wp-json\/wp\/v2\/product_cat?post=1018"},{"taxonomy":"product_tag","embeddable":true,"href":"https:\/\/loxone.ctw.sk\/index.php\/wp-json\/wp\/v2\/product_tag?post=1018"}],"curies":[{"name":"wp","href":"https:\/\/api.w.org\/{rel}","templated":true}]}}