{"id":1026,"date":"2026-01-09T10:33:03","date_gmt":"2026-01-09T09:33:03","guid":{"rendered":"https:\/\/shop.dohlad.info\/index.php\/product\/satellite-speaker-ip64-master\/"},"modified":"2026-02-08T23:26:00","modified_gmt":"2026-02-08T22:26:00","slug":"satellite-speaker-ip64-master","status":"publish","type":"product","link":"https:\/\/loxone.ctw.sk\/index.php\/product\/satellite-speaker-ip64-master\/","title":{"rendered":"Satellite Speaker IP64 Master"},"content":{"rendered":"<p>Satellite Speaker IP64 Master zaujme svojimi vynikaj\u00facimi zvukov\u00fdmi vlastnos\u0165ami a <strong>mno\u017estvom mo\u017en\u00fdch pou\u017eit\u00ed<\/strong>. Je pripojen\u00fd priamo k Audioserver alebo Miniserver Compact cez Tree Turbo a dok\u00e1\u017ee pren\u00e1\u0161a\u0165 audio sign\u00e1l do re\u0165azca a\u017e 20 Client reproduktorov. T\u00fdmto sp\u00f4sobom vytv\u00e1ra <strong>flexibiln\u00e9 zvukov\u00e9 rie\u0161enie<\/strong>, ktor\u00e9 je mo\u017en\u00e9 prisp\u00f4sobova\u0165 akejko\u013evek ve\u013ekosti budovy.<\/p>\n<p><strong> Features:<\/strong><\/p>\n<ul>\n<li>Nespo\u010detn\u00e9 mno\u017estvo funkci\u00ed, ako je prevod textu na re\u010d, zvon\u010dek, alarmy alebo zvukov\u00e9 upozornenia<\/li>\n<li>Streamovanie hudby cez Bluetooth<\/li>\n<li>D\u013a\u017eka k\u00e1bla a\u017e 30 m medzi klientmi<\/li>\n<\/ul>\n","protected":false},"excerpt":{"rendered":"<p>Satellite Speaker IP64 Master zaujme svojimi vynikaj\u00facimi zvukov\u00fdmi vlastnos\u0165ami a <strong>mno\u017estvom mo\u017en\u00fdch pou\u017eit\u00ed<\/strong>. Je pripojen\u00fd priamo k Audioserver alebo Miniserver Compact cez Tree Turbo a dok\u00e1\u017ee pren\u00e1\u0161a\u0165 audio sign\u00e1l do re\u0165azca a\u017e 20 Client reproduktorov. T\u00fdmto sp\u00f4sobom vytv\u00e1ra <strong>flexibiln\u00e9 zvukov\u00e9 rie\u0161enie<\/strong>, ktor\u00e9 je mo\u017en\u00e9 prisp\u00f4sobova\u0165 akejko\u013evek ve\u013ekosti budovy.<\/p>\n<p>&nbsp;<\/p>\n","protected":false},"featured_media":1862,"template":"","meta":[],"location":[],"product_brand":[],"product_cat":[334],"product_tag":[],"class_list":{"0":"post-1026","1":"product","2":"type-product","3":"status-publish","4":"has-post-thumbnail","6":"product_cat-aktivne-reproduktory","8":"first","9":"instock","10":"sold-individually","11":"taxable","12":"shipping-taxable","13":"purchasable","14":"product-type-simple"},"locations":[],"_links":{"self":[{"href":"https:\/\/loxone.ctw.sk\/index.php\/wp-json\/wp\/v2\/product\/1026","targetHints":{"allow":["GET"]}}],"collection":[{"href":"https:\/\/loxone.ctw.sk\/index.php\/wp-json\/wp\/v2\/product"}],"about":[{"href":"https:\/\/loxone.ctw.sk\/index.php\/wp-json\/wp\/v2\/types\/product"}],"wp:featuredmedia":[{"embeddable":true,"href":"https:\/\/loxone.ctw.sk\/index.php\/wp-json\/wp\/v2\/media\/1862"}],"wp:attachment":[{"href":"https:\/\/loxone.ctw.sk\/index.php\/wp-json\/wp\/v2\/media?parent=1026"}],"wp:term":[{"taxonomy":"location","embeddable":true,"href":"https:\/\/loxone.ctw.sk\/index.php\/wp-json\/wp\/v2\/location?post=1026"},{"taxonomy":"product_brand","embeddable":true,"href":"https:\/\/loxone.ctw.sk\/index.php\/wp-json\/wp\/v2\/product_brand?post=1026"},{"taxonomy":"product_cat","embeddable":true,"href":"https:\/\/loxone.ctw.sk\/index.php\/wp-json\/wp\/v2\/product_cat?post=1026"},{"taxonomy":"product_tag","embeddable":true,"href":"https:\/\/loxone.ctw.sk\/index.php\/wp-json\/wp\/v2\/product_tag?post=1026"}],"curies":[{"name":"wp","href":"https:\/\/api.w.org\/{rel}","templated":true}]}}