{"id":1072,"date":"2026-01-09T10:33:36","date_gmt":"2026-01-09T09:33:36","guid":{"rendered":"https:\/\/shop.dohlad.info\/index.php\/product\/rollup-miniserver\/"},"modified":"2026-02-08T14:41:31","modified_gmt":"2026-02-08T13:41:31","slug":"rollup-miniserver","status":"publish","type":"product","link":"https:\/\/loxone.ctw.sk\/index.php\/product\/rollup-miniserver\/","title":{"rendered":"Rollup Miniserver"},"content":{"rendered":"<p>Loxone Rollup je ide\u00e1lny pre predajn\u00e9 priestory, ve\u013etrhy a prezent\u00e1ciu produktov. V\u010faka praktickej ta\u0161ke a stojanu, ktor\u00e9 s\u00fa s\u00fa\u010das\u0165ou balenia, je mo\u017en\u00e9 rollup \u013eahko skladova\u0165 a prepravova\u0165. Rollup sa vytiahne zo stojana a pripevn\u00ed sa k zadnej ty\u010di (je s\u00fa\u010das\u0165ou prepravnej ta\u0161ky).<\/p>\n<ul>\n<li>Ve\u013ekos\u0165: 80 cm na \u0161\u00edrku a 200 cm na v\u00fd\u0161ku.<\/li>\n<\/ul>\n","protected":false},"excerpt":{"rendered":"<p>Loxone Rollup je ide\u00e1lny pre predajn\u00e9 priestory, ve\u013etrhy a prezent\u00e1ciu produktov. V\u010faka praktickej ta\u0161ke a stojanu, ktor\u00e9 s\u00fa s\u00fa\u010das\u0165ou balenia, je mo\u017en\u00e9 rollup \u013eahko skladova\u0165 a prepravova\u0165. Rollup sa vytiahne zo stojana a pripevn\u00ed sa k zadnej ty\u010di (je s\u00fa\u010das\u0165ou prepravnej ta\u0161ky).<\/p>\n<p>&nbsp;<\/p>\n","protected":false},"featured_media":1073,"template":"","meta":[],"location":[],"product_brand":[],"product_cat":[369],"product_tag":[],"class_list":{"0":"post-1072","1":"product","2":"type-product","3":"status-publish","4":"has-post-thumbnail","6":"product_cat-other","8":"first","9":"instock","10":"sold-individually","11":"taxable","12":"shipping-taxable","13":"purchasable","14":"product-type-simple"},"locations":[],"_links":{"self":[{"href":"https:\/\/loxone.ctw.sk\/index.php\/wp-json\/wp\/v2\/product\/1072","targetHints":{"allow":["GET"]}}],"collection":[{"href":"https:\/\/loxone.ctw.sk\/index.php\/wp-json\/wp\/v2\/product"}],"about":[{"href":"https:\/\/loxone.ctw.sk\/index.php\/wp-json\/wp\/v2\/types\/product"}],"wp:featuredmedia":[{"embeddable":true,"href":"https:\/\/loxone.ctw.sk\/index.php\/wp-json\/wp\/v2\/media\/1073"}],"wp:attachment":[{"href":"https:\/\/loxone.ctw.sk\/index.php\/wp-json\/wp\/v2\/media?parent=1072"}],"wp:term":[{"taxonomy":"location","embeddable":true,"href":"https:\/\/loxone.ctw.sk\/index.php\/wp-json\/wp\/v2\/location?post=1072"},{"taxonomy":"product_brand","embeddable":true,"href":"https:\/\/loxone.ctw.sk\/index.php\/wp-json\/wp\/v2\/product_brand?post=1072"},{"taxonomy":"product_cat","embeddable":true,"href":"https:\/\/loxone.ctw.sk\/index.php\/wp-json\/wp\/v2\/product_cat?post=1072"},{"taxonomy":"product_tag","embeddable":true,"href":"https:\/\/loxone.ctw.sk\/index.php\/wp-json\/wp\/v2\/product_tag?post=1072"}],"curies":[{"name":"wp","href":"https:\/\/api.w.org\/{rel}","templated":true}]}}