{"id":1082,"date":"2026-01-09T10:33:36","date_gmt":"2026-01-09T09:33:36","guid":{"rendered":"https:\/\/shop.dohlad.info\/index.php\/product\/touch-pure-flex-standard-tree-biela-gen-1-s-ukoncenou-vyrobou\/"},"modified":"2026-02-10T00:31:36","modified_gmt":"2026-02-09T23:31:36","slug":"touch-pure-flex-standard-tree-biela-gen-1-s-ukoncenou-vyrobou","status":"publish","type":"product","link":"https:\/\/loxone.ctw.sk\/index.php\/product\/touch-pure-flex-standard-tree-biela-gen-1-s-ukoncenou-vyrobou\/","title":{"rendered":"Touch Pure Flex Standard Tree biela Gen. 1 \u2013 s ukon\u010denou v\u00fdrobou"},"content":{"rendered":"<p>Loxone Touch Pure Flex Tree je <strong>100% personalizovate\u013en\u00e9 tla\u010didlo<\/strong> s a\u017e 12 vo\u013ene definovate\u013en\u00fdmi a umiestnite\u013en\u00fdmi dotykov\u00fdmi bodmi. V\u010faka integrovan\u00e9mu LED maticov\u00e9mu displeju a 3 stavov\u00fdm LED umo\u017e\u0148uje zobrazovanie menu, hodn\u00f4t, textov a stavov. Navy\u0161e sl\u00fa\u017ei ako senzor na meranie teploty a vlhkosti, a t\u00fdm ako ide\u00e1lne rie\u0161enie pre monitorovanie kl\u00edmy v miestnosti.<\/p>\n<p>Tento variant pon\u00faka komplexn\u00fa \u0161tandardn\u00fa konfigur\u00e1ciu, ktor\u00e1 pokr\u00fdva najd\u00f4le\u017eitej\u0161ie funkcie:<\/p>\n<ul>\n<li><strong>Osvetlenie:<\/strong> Spr\u00e1vna sveteln\u00e1 n\u00e1lada \u013eahko a r\u00fdchlo.<\/li>\n<li><strong>Tienenie:<\/strong> Ovl\u00e1dajte \u017eal\u00fazie a pos\u00favajte lamely do po\u017eadovanej polohy.<\/li>\n<li><strong>Teplota:<\/strong> Jednoduch\u00e9 nastavenie teploty.<\/li>\n<li><strong>M\u00f3d Party:<\/strong> Vhodn\u00e1 atmosf\u00e9ra pre ve\u010dierok? Spustite jedn\u00fdm dotykom p\u00e1rty osvetlenia a svoj ob\u013e\u00faben\u00fd zoznam skladieb v\u010faka prepojeniu funkci\u00ed.<\/li>\n<\/ul>\n","protected":false},"excerpt":{"rendered":"<p>Loxone Touch Pure Flex Tree je <strong>100% personalizovate\u013en\u00e9 tla\u010didlo<\/strong> s a\u017e 12 vo\u013ene definovate\u013en\u00fdmi a umiestnite\u013en\u00fdmi dotykov\u00fdmi bodmi. V\u010faka integrovan\u00e9mu LED maticov\u00e9mu displeju a 3 stavov\u00fdm LED umo\u017e\u0148uje zobrazovanie menu, hodn\u00f4t, textov a stavov. Navy\u0161e sl\u00fa\u017ei ako senzor na meranie teploty a vlhkosti, a t\u00fdm ako ide\u00e1lne rie\u0161enie pre monitorovanie kl\u00edmy v miestnosti.<\/p>\n<p>&nbsp;<\/p>\n","protected":false},"featured_media":1083,"template":"","meta":[],"location":[],"product_brand":[],"product_cat":[336],"product_tag":[],"class_list":{"0":"post-1082","1":"product","2":"type-product","3":"status-publish","4":"has-post-thumbnail","6":"product_cat-tree","8":"first","9":"instock","10":"sold-individually","11":"taxable","12":"shipping-taxable","13":"purchasable","14":"product-type-simple"},"locations":[],"_links":{"self":[{"href":"https:\/\/loxone.ctw.sk\/index.php\/wp-json\/wp\/v2\/product\/1082","targetHints":{"allow":["GET"]}}],"collection":[{"href":"https:\/\/loxone.ctw.sk\/index.php\/wp-json\/wp\/v2\/product"}],"about":[{"href":"https:\/\/loxone.ctw.sk\/index.php\/wp-json\/wp\/v2\/types\/product"}],"wp:featuredmedia":[{"embeddable":true,"href":"https:\/\/loxone.ctw.sk\/index.php\/wp-json\/wp\/v2\/media\/1083"}],"wp:attachment":[{"href":"https:\/\/loxone.ctw.sk\/index.php\/wp-json\/wp\/v2\/media?parent=1082"}],"wp:term":[{"taxonomy":"location","embeddable":true,"href":"https:\/\/loxone.ctw.sk\/index.php\/wp-json\/wp\/v2\/location?post=1082"},{"taxonomy":"product_brand","embeddable":true,"href":"https:\/\/loxone.ctw.sk\/index.php\/wp-json\/wp\/v2\/product_brand?post=1082"},{"taxonomy":"product_cat","embeddable":true,"href":"https:\/\/loxone.ctw.sk\/index.php\/wp-json\/wp\/v2\/product_cat?post=1082"},{"taxonomy":"product_tag","embeddable":true,"href":"https:\/\/loxone.ctw.sk\/index.php\/wp-json\/wp\/v2\/product_tag?post=1082"}],"curies":[{"name":"wp","href":"https:\/\/api.w.org\/{rel}","templated":true}]}}