{"id":1142,"date":"2026-01-09T10:34:09","date_gmt":"2026-01-09T09:34:09","guid":{"rendered":"https:\/\/shop.dohlad.info\/index.php\/product\/caller-service-1-rok\/"},"modified":"2026-02-08T14:31:53","modified_gmt":"2026-02-08T13:31:53","slug":"caller-service-1-rok","status":"publish","type":"product","link":"https:\/\/loxone.ctw.sk\/index.php\/product\/caller-service-1-rok\/","title":{"rendered":"Caller Service 1 rok"},"content":{"rendered":"<p>Caller Service v\u00e1m <strong>automaticky zavol\u00e1<\/strong> v pr\u00edpade poplachu.<\/p>\n<p><strong>Vlastnosti:<\/strong><\/p>\n<ul>\n<li>V pr\u00edpade alarmu ste okam\u017eite informovan\u00ed.<\/li>\n<li>Nastavenie automatick\u00fdch ozn\u00e1men\u00ed.<\/li>\n<li>Pripomienky telefon\u00e1tom.<\/li>\n<\/ul>\n","protected":false},"excerpt":{"rendered":"<p>Caller Service v\u00e1m <strong>automaticky zavol\u00e1<\/strong> v pr\u00edpade poplachu.<\/p>\n","protected":false},"featured_media":1143,"template":"","meta":[],"location":[],"product_brand":[],"product_cat":[363],"product_tag":[],"class_list":{"0":"post-1142","1":"product","2":"type-product","3":"status-publish","4":"has-post-thumbnail","6":"product_cat-cloudove-sluzby","8":"first","9":"instock","10":"sold-individually","11":"taxable","12":"shipping-taxable","13":"purchasable","14":"product-type-simple"},"locations":[],"_links":{"self":[{"href":"https:\/\/loxone.ctw.sk\/index.php\/wp-json\/wp\/v2\/product\/1142","targetHints":{"allow":["GET"]}}],"collection":[{"href":"https:\/\/loxone.ctw.sk\/index.php\/wp-json\/wp\/v2\/product"}],"about":[{"href":"https:\/\/loxone.ctw.sk\/index.php\/wp-json\/wp\/v2\/types\/product"}],"wp:featuredmedia":[{"embeddable":true,"href":"https:\/\/loxone.ctw.sk\/index.php\/wp-json\/wp\/v2\/media\/1143"}],"wp:attachment":[{"href":"https:\/\/loxone.ctw.sk\/index.php\/wp-json\/wp\/v2\/media?parent=1142"}],"wp:term":[{"taxonomy":"location","embeddable":true,"href":"https:\/\/loxone.ctw.sk\/index.php\/wp-json\/wp\/v2\/location?post=1142"},{"taxonomy":"product_brand","embeddable":true,"href":"https:\/\/loxone.ctw.sk\/index.php\/wp-json\/wp\/v2\/product_brand?post=1142"},{"taxonomy":"product_cat","embeddable":true,"href":"https:\/\/loxone.ctw.sk\/index.php\/wp-json\/wp\/v2\/product_cat?post=1142"},{"taxonomy":"product_tag","embeddable":true,"href":"https:\/\/loxone.ctw.sk\/index.php\/wp-json\/wp\/v2\/product_tag?post=1142"}],"curies":[{"name":"wp","href":"https:\/\/api.w.org\/{rel}","templated":true}]}}