{"id":1166,"date":"2026-01-09T10:34:09","date_gmt":"2026-01-09T09:34:09","guid":{"rendered":"https:\/\/shop.dohlad.info\/index.php\/product\/ir-control-air\/"},"modified":"2026-01-09T10:34:39","modified_gmt":"2026-01-09T09:34:39","slug":"ir-control-air","status":"publish","type":"product","link":"https:\/\/loxone.ctw.sk\/index.php\/product\/ir-control-air\/","title":{"rendered":"IR Control Air"},"content":{"rendered":"<p>Loxone IR Control Air <strong>integruje zariadenia s infra\u010derven\u00fdm rozhran\u00edm<\/strong>, ako s\u00fa telev\u00edzory, AV prij\u00edma\u010de, videoprojektory alebo klimatiz\u00e1cie.<\/p>\n","protected":false},"excerpt":{"rendered":"<p>Loxone IR Control Air <strong>integruje zariadenia s infra\u010derven\u00fdm rozhran\u00edm<\/strong>, ako s\u00fa telev\u00edzory, AV prij\u00edma\u010de, videoprojektory alebo klimatiz\u00e1cie.<\/p>\n","protected":false},"featured_media":1167,"template":"","meta":[],"location":[],"product_brand":[],"product_cat":[383,337,395],"product_tag":[],"class_list":{"0":"post-1166","1":"product","2":"type-product","3":"status-publish","4":"has-post-thumbnail","6":"product_cat-air-extensiony-rozhrania","7":"product_cat-air","8":"product_cat-elektronika","10":"first","11":"instock","12":"sold-individually","13":"taxable","14":"shipping-taxable","15":"purchasable","16":"product-type-simple"},"locations":[],"_links":{"self":[{"href":"https:\/\/loxone.ctw.sk\/index.php\/wp-json\/wp\/v2\/product\/1166","targetHints":{"allow":["GET"]}}],"collection":[{"href":"https:\/\/loxone.ctw.sk\/index.php\/wp-json\/wp\/v2\/product"}],"about":[{"href":"https:\/\/loxone.ctw.sk\/index.php\/wp-json\/wp\/v2\/types\/product"}],"wp:featuredmedia":[{"embeddable":true,"href":"https:\/\/loxone.ctw.sk\/index.php\/wp-json\/wp\/v2\/media\/1167"}],"wp:attachment":[{"href":"https:\/\/loxone.ctw.sk\/index.php\/wp-json\/wp\/v2\/media?parent=1166"}],"wp:term":[{"taxonomy":"location","embeddable":true,"href":"https:\/\/loxone.ctw.sk\/index.php\/wp-json\/wp\/v2\/location?post=1166"},{"taxonomy":"product_brand","embeddable":true,"href":"https:\/\/loxone.ctw.sk\/index.php\/wp-json\/wp\/v2\/product_brand?post=1166"},{"taxonomy":"product_cat","embeddable":true,"href":"https:\/\/loxone.ctw.sk\/index.php\/wp-json\/wp\/v2\/product_cat?post=1166"},{"taxonomy":"product_tag","embeddable":true,"href":"https:\/\/loxone.ctw.sk\/index.php\/wp-json\/wp\/v2\/product_tag?post=1166"}],"curies":[{"name":"wp","href":"https:\/\/api.w.org\/{rel}","templated":true}]}}