{"id":1171,"date":"2026-01-09T10:34:42","date_gmt":"2026-01-09T09:34:42","guid":{"rendered":"https:\/\/shop.dohlad.info\/index.php\/product\/ir-elektromer-air\/"},"modified":"2026-02-09T00:14:10","modified_gmt":"2026-02-08T23:14:10","slug":"ir-elektromer-air","status":"publish","type":"product","link":"https:\/\/loxone.ctw.sk\/index.php\/product\/ir-elektromer-air\/","title":{"rendered":"IR elektromer Air"},"content":{"rendered":"<p>IR elektromer Air umo\u017e\u0148uje <strong>priame vy\u010d\u00edtanie<\/strong> <strong>kompatibiln\u00fdch elektronick\u00fdch mera\u010dov pre dom\u00e1cnos\u0165 s infra\u010derven\u00fdm rozhran\u00edm.<\/strong><\/p>\n<p><strong>\u00a0Funkcie:<\/strong><\/p>\n<ul>\n<li>Jednoduch\u00e1 in\u0161tal\u00e1cia v\u010faka magnetick\u00e9mu dr\u017eiaku.<\/li>\n<li>Poskytuje hodnoty bez nutnej korekcie s pr\u00edslu\u0161n\u00fdmi znakmi a jednotkami.<\/li>\n<li>Komunikuje priamo s r\u00f4znymi mera\u010dmi.<\/li>\n<li>Perfektn\u00e9 rie\u0161enie v kombin\u00e1cii s fotovoltick\u00fdm syst\u00e9mom.<\/li>\n<\/ul>\n","protected":false},"excerpt":{"rendered":"<p>IR elektromer Air umo\u017e\u0148uje <strong>priame vy\u010d\u00edtanie<\/strong> <strong>kompatibiln\u00fdch elektronick\u00fdch mera\u010dov pre dom\u00e1cnos\u0165 s infra\u010derven\u00fdm rozhran\u00edm.<\/strong><\/p>\n","protected":false},"featured_media":1172,"template":"","meta":[],"location":[],"product_brand":[],"product_cat":[383,393,339],"product_tag":[],"class_list":{"0":"post-1171","1":"product","2":"type-product","3":"status-publish","4":"has-post-thumbnail","6":"product_cat-air-extensiony-rozhrania","7":"product_cat-air-energie","8":"product_cat-elektromer","10":"first","11":"instock","12":"sold-individually","13":"taxable","14":"shipping-taxable","15":"purchasable","16":"product-type-simple"},"locations":[],"_links":{"self":[{"href":"https:\/\/loxone.ctw.sk\/index.php\/wp-json\/wp\/v2\/product\/1171","targetHints":{"allow":["GET"]}}],"collection":[{"href":"https:\/\/loxone.ctw.sk\/index.php\/wp-json\/wp\/v2\/product"}],"about":[{"href":"https:\/\/loxone.ctw.sk\/index.php\/wp-json\/wp\/v2\/types\/product"}],"wp:featuredmedia":[{"embeddable":true,"href":"https:\/\/loxone.ctw.sk\/index.php\/wp-json\/wp\/v2\/media\/1172"}],"wp:attachment":[{"href":"https:\/\/loxone.ctw.sk\/index.php\/wp-json\/wp\/v2\/media?parent=1171"}],"wp:term":[{"taxonomy":"location","embeddable":true,"href":"https:\/\/loxone.ctw.sk\/index.php\/wp-json\/wp\/v2\/location?post=1171"},{"taxonomy":"product_brand","embeddable":true,"href":"https:\/\/loxone.ctw.sk\/index.php\/wp-json\/wp\/v2\/product_brand?post=1171"},{"taxonomy":"product_cat","embeddable":true,"href":"https:\/\/loxone.ctw.sk\/index.php\/wp-json\/wp\/v2\/product_cat?post=1171"},{"taxonomy":"product_tag","embeddable":true,"href":"https:\/\/loxone.ctw.sk\/index.php\/wp-json\/wp\/v2\/product_tag?post=1171"}],"curies":[{"name":"wp","href":"https:\/\/api.w.org\/{rel}","templated":true}]}}