{"id":1224,"date":"2026-01-09T10:34:42","date_gmt":"2026-01-09T09:34:42","guid":{"rendered":"https:\/\/shop.dohlad.info\/index.php\/product\/nano-dimmer-air\/"},"modified":"2026-02-09T00:18:31","modified_gmt":"2026-02-08T23:18:31","slug":"nano-dimmer-air","status":"publish","type":"product","link":"https:\/\/loxone.ctw.sk\/index.php\/product\/nano-dimmer-air\/","title":{"rendered":"Nano Dimmer Air"},"content":{"rendered":"<p>Loxone Nano Dimmer Air pon\u00faka v\u00fdstup pre <strong>stmievanie vysokonap\u00e4\u0165ov\u00fdch svietidiel <\/strong>a je ur\u010den\u00fd na in\u0161tal\u00e1ciu do podomietkov\u00fdch alebo dutinov\u00fdch krab\u00edc.<\/p>\n<p><strong>Vlastnosti:<\/strong><\/p>\n<ul>\n<li>Ide\u00e1lne pre dodato\u010dn\u00fa in\u0161tal\u00e1ciu\/moderniz\u00e1ciu osvetlenia.<\/li>\n<li>F\u00e1zov\u00fd n\u00e1behov\u00fd a zostupn\u00fd stmieva\u010d s jedn\u00fdm kan\u00e1lom.<\/li>\n<li>Volite\u013ene je mo\u017en\u00e9 pripoji\u0165 tla\u010didl\u00e1 Touch alebo Touch Pure for Nano.<\/li>\n<\/ul>\n","protected":false},"excerpt":{"rendered":"<p>Loxone Nano Dimmer Air pon\u00faka v\u00fdstup pre <strong>stmievanie vysokonap\u00e4\u0165ov\u00fdch svietidiel <\/strong>a je ur\u010den\u00fd na in\u0161tal\u00e1ciu do podomietkov\u00fdch alebo dutinov\u00fdch krab\u00edc.<\/p>\n<p>&nbsp;<\/p>\n","protected":false},"featured_media":1225,"template":"","meta":[],"location":[],"product_brand":[],"product_cat":[383,384,367],"product_tag":[],"class_list":{"0":"post-1224","1":"product","2":"type-product","3":"status-publish","4":"has-post-thumbnail","6":"product_cat-air-extensiony-rozhrania","7":"product_cat-air-osvetlenie","8":"product_cat-dimmer","10":"first","11":"instock","12":"sold-individually","13":"taxable","14":"shipping-taxable","15":"purchasable","16":"product-type-simple"},"locations":[],"_links":{"self":[{"href":"https:\/\/loxone.ctw.sk\/index.php\/wp-json\/wp\/v2\/product\/1224","targetHints":{"allow":["GET"]}}],"collection":[{"href":"https:\/\/loxone.ctw.sk\/index.php\/wp-json\/wp\/v2\/product"}],"about":[{"href":"https:\/\/loxone.ctw.sk\/index.php\/wp-json\/wp\/v2\/types\/product"}],"wp:featuredmedia":[{"embeddable":true,"href":"https:\/\/loxone.ctw.sk\/index.php\/wp-json\/wp\/v2\/media\/1225"}],"wp:attachment":[{"href":"https:\/\/loxone.ctw.sk\/index.php\/wp-json\/wp\/v2\/media?parent=1224"}],"wp:term":[{"taxonomy":"location","embeddable":true,"href":"https:\/\/loxone.ctw.sk\/index.php\/wp-json\/wp\/v2\/location?post=1224"},{"taxonomy":"product_brand","embeddable":true,"href":"https:\/\/loxone.ctw.sk\/index.php\/wp-json\/wp\/v2\/product_brand?post=1224"},{"taxonomy":"product_cat","embeddable":true,"href":"https:\/\/loxone.ctw.sk\/index.php\/wp-json\/wp\/v2\/product_cat?post=1224"},{"taxonomy":"product_tag","embeddable":true,"href":"https:\/\/loxone.ctw.sk\/index.php\/wp-json\/wp\/v2\/product_tag?post=1224"}],"curies":[{"name":"wp","href":"https:\/\/api.w.org\/{rel}","templated":true}]}}