{"id":1439,"date":"2026-01-09T10:36:29","date_gmt":"2026-01-09T09:36:29","guid":{"rendered":"https:\/\/shop.dohlad.info\/index.php\/product\/belimo-tree\/"},"modified":"2026-01-09T10:36:38","modified_gmt":"2026-01-09T09:36:38","slug":"belimo-tree","status":"publish","type":"product","link":"https:\/\/loxone.ctw.sk\/index.php\/product\/belimo-tree\/","title":{"rendered":"Belimo Tree"},"content":{"rendered":"<p>Belimo je jedn\u00fdm z <strong>popredn\u00fdch v\u00fdrobcov<\/strong> pohonov v oblasti vykurovacej, ventila\u010dnej a klimatiza\u010dnej techniky. Belimo Tree je rozhranie na <strong>integr\u00e1ciu<\/strong> a\u017e <strong>16 zariaden\u00ed Belimo MP-Bus <\/strong>a <strong>pou\u017e\u00edva sa na optimaliz\u00e1ciu<\/strong> pohonov klapiek a integr\u00e1ciu senzorov a mera\u010dov, konfigur\u00e1ciu ventilov a ove\u013ea viac. V\u010faka <strong>priamej integr\u00e1cii MP-Bus<\/strong> sa produkty Belimo st\u00e1vaj\u00fa prirodzen\u00fdm \u010dlenom Loxone Configu a Miniservera.<\/p>\n","protected":false},"excerpt":{"rendered":"<p>Belimo je jedn\u00fdm z <strong>popredn\u00fdch v\u00fdrobcov<\/strong> pohonov v oblasti vykurovacej, ventila\u010dnej a klimatiza\u010dnej techniky. Belimo Tree je rozhranie na <strong>integr\u00e1ciu<\/strong> a\u017e <strong>16 zariaden\u00ed Belimo MP-Bus <\/strong>a <strong>pou\u017e\u00edva sa na optimaliz\u00e1ciu<\/strong> pohonov klapiek a integr\u00e1ciu senzorov a mera\u010dov, konfigur\u00e1ciu ventilov a ove\u013ea viac. V\u010faka <strong>priamej integr\u00e1cii MP-Bus<\/strong> sa produkty Belimo st\u00e1vaj\u00fa prirodzen\u00fdm \u010dlenom Loxone Configu a Miniservera.<\/p>\n","protected":false},"featured_media":1440,"template":"","meta":[],"location":[],"product_brand":[],"product_cat":[385,361,348],"product_tag":[],"class_list":{"0":"post-1439","1":"product","2":"type-product","3":"status-publish","4":"has-post-thumbnail","6":"product_cat-tree-extensiony-rozhrania","7":"product_cat-tree-klima-tienenie","8":"product_cat-klima","10":"first","11":"instock","12":"sold-individually","13":"taxable","14":"shipping-taxable","15":"purchasable","16":"product-type-simple"},"locations":[],"_links":{"self":[{"href":"https:\/\/loxone.ctw.sk\/index.php\/wp-json\/wp\/v2\/product\/1439","targetHints":{"allow":["GET"]}}],"collection":[{"href":"https:\/\/loxone.ctw.sk\/index.php\/wp-json\/wp\/v2\/product"}],"about":[{"href":"https:\/\/loxone.ctw.sk\/index.php\/wp-json\/wp\/v2\/types\/product"}],"wp:featuredmedia":[{"embeddable":true,"href":"https:\/\/loxone.ctw.sk\/index.php\/wp-json\/wp\/v2\/media\/1440"}],"wp:attachment":[{"href":"https:\/\/loxone.ctw.sk\/index.php\/wp-json\/wp\/v2\/media?parent=1439"}],"wp:term":[{"taxonomy":"location","embeddable":true,"href":"https:\/\/loxone.ctw.sk\/index.php\/wp-json\/wp\/v2\/location?post=1439"},{"taxonomy":"product_brand","embeddable":true,"href":"https:\/\/loxone.ctw.sk\/index.php\/wp-json\/wp\/v2\/product_brand?post=1439"},{"taxonomy":"product_cat","embeddable":true,"href":"https:\/\/loxone.ctw.sk\/index.php\/wp-json\/wp\/v2\/product_cat?post=1439"},{"taxonomy":"product_tag","embeddable":true,"href":"https:\/\/loxone.ctw.sk\/index.php\/wp-json\/wp\/v2\/product_tag?post=1439"}],"curies":[{"name":"wp","href":"https:\/\/api.w.org\/{rel}","templated":true}]}}