{"id":1495,"date":"2026-01-09T10:37:01","date_gmt":"2026-01-09T09:37:01","guid":{"rendered":"https:\/\/shop.dohlad.info\/index.php\/product\/klucenka\/"},"modified":"2026-02-08T14:38:12","modified_gmt":"2026-02-08T13:38:12","slug":"klucenka","status":"publish","type":"product","link":"https:\/\/loxone.ctw.sk\/index.php\/product\/klucenka\/","title":{"rendered":"K\u013e\u00fa\u010denka"},"content":{"rendered":"<p>Trendy zeleno\u010dierna k\u013e\u00fa\u010denka na krk s logom Loxone nielen\u017ee up\u00fata pozornos\u0165, je tie\u017e v\u0161estrann\u00fdm pomocn\u00edkom v ka\u017edodennom \u017eivote. Robustn\u00fd kovov\u00fd h\u00e1\u010dik pevne dr\u017e\u00ed NFC pr\u00edvesok, kartu, elektronick\u00fd aj norm\u00e1lny k\u013e\u00fa\u010d alebo menovku. V\u010faka praktickej pracke mo\u017eno k\u013e\u00fa\u010denku v okamihu rozdeli\u0165 na kr\u00e1tky a dlh\u00fd remienok.<\/p>\n<ul>\n<li>Vzh\u013eadn\u00e1 sat\u00e9nov\u00e1 stuha v zelenej a \u010diernej farbe.<\/li>\n<li>Potla\u010d loga Loxone.<\/li>\n<li>Praktick\u00e1 pracka.<\/li>\n<li>Robustn\u00fd kovov\u00fd h\u00e1\u010dik.<\/li>\n<li>Rozmery cca 54\u00d72 cm.<\/li>\n<\/ul>\n","protected":false},"excerpt":{"rendered":"<p>Trendy zeleno\u010dierna k\u013e\u00fa\u010denka na krk s logom Loxone nielen\u017ee up\u00fata pozornos\u0165, je tie\u017e v\u0161estrann\u00fdm pomocn\u00edkom v ka\u017edodennom \u017eivote. Robustn\u00fd kovov\u00fd h\u00e1\u010dik pevne dr\u017e\u00ed NFC pr\u00edvesok, kartu, elektronick\u00fd aj norm\u00e1lny k\u013e\u00fa\u010d alebo menovku. V\u010faka praktickej pracke mo\u017eno k\u013e\u00fa\u010denku v okamihu rozdeli\u0165 na kr\u00e1tky a dlh\u00fd remienok.<\/p>\n","protected":false},"featured_media":1496,"template":"","meta":[],"location":[],"product_brand":[],"product_cat":[369],"product_tag":[],"class_list":{"0":"post-1495","1":"product","2":"type-product","3":"status-publish","4":"has-post-thumbnail","6":"product_cat-other","8":"first","9":"instock","10":"sold-individually","11":"taxable","12":"shipping-taxable","13":"purchasable","14":"product-type-simple"},"locations":[],"_links":{"self":[{"href":"https:\/\/loxone.ctw.sk\/index.php\/wp-json\/wp\/v2\/product\/1495","targetHints":{"allow":["GET"]}}],"collection":[{"href":"https:\/\/loxone.ctw.sk\/index.php\/wp-json\/wp\/v2\/product"}],"about":[{"href":"https:\/\/loxone.ctw.sk\/index.php\/wp-json\/wp\/v2\/types\/product"}],"wp:featuredmedia":[{"embeddable":true,"href":"https:\/\/loxone.ctw.sk\/index.php\/wp-json\/wp\/v2\/media\/1496"}],"wp:attachment":[{"href":"https:\/\/loxone.ctw.sk\/index.php\/wp-json\/wp\/v2\/media?parent=1495"}],"wp:term":[{"taxonomy":"location","embeddable":true,"href":"https:\/\/loxone.ctw.sk\/index.php\/wp-json\/wp\/v2\/location?post=1495"},{"taxonomy":"product_brand","embeddable":true,"href":"https:\/\/loxone.ctw.sk\/index.php\/wp-json\/wp\/v2\/product_brand?post=1495"},{"taxonomy":"product_cat","embeddable":true,"href":"https:\/\/loxone.ctw.sk\/index.php\/wp-json\/wp\/v2\/product_cat?post=1495"},{"taxonomy":"product_tag","embeddable":true,"href":"https:\/\/loxone.ctw.sk\/index.php\/wp-json\/wp\/v2\/product_tag?post=1495"}],"curies":[{"name":"wp","href":"https:\/\/api.w.org\/{rel}","templated":true}]}}