{"id":1506,"date":"2026-01-09T10:37:01","date_gmt":"2026-01-09T09:37:01","guid":{"rendered":"https:\/\/shop.dohlad.info\/index.php\/product\/ultralife-9v-lithium-battery\/"},"modified":"2026-01-09T10:37:11","modified_gmt":"2026-01-09T09:37:11","slug":"ultralife-9v-lithium-battery","status":"publish","type":"product","link":"https:\/\/loxone.ctw.sk\/index.php\/product\/ultralife-9v-lithium-battery\/","title":{"rendered":"Ultralife 9V Lithium Battery"},"content":{"rendered":"<p>9V l\u00edtiov\u00e1 bat\u00e9ria zna\u010dky Ultralife je ide\u00e1lnym <strong>zdrojom nap\u00e1jania pre Loxone Detektor dymu Air.<\/strong><\/p>\n","protected":false},"excerpt":{"rendered":"<p>9V l\u00edtiov\u00e1 bat\u00e9ria zna\u010dky Ultralife je ide\u00e1lnym <strong>zdrojom nap\u00e1jania pre Loxone Detektor dymu Air.<\/strong><\/p>\n","protected":false},"featured_media":1507,"template":"","meta":[],"location":[],"product_brand":[],"product_cat":[370],"product_tag":[],"class_list":{"0":"post-1506","1":"product","2":"type-product","3":"status-publish","4":"has-post-thumbnail","6":"product_cat-baterie","8":"first","9":"instock","10":"sold-individually","11":"taxable","12":"shipping-taxable","13":"purchasable","14":"product-type-simple"},"locations":[],"_links":{"self":[{"href":"https:\/\/loxone.ctw.sk\/index.php\/wp-json\/wp\/v2\/product\/1506","targetHints":{"allow":["GET"]}}],"collection":[{"href":"https:\/\/loxone.ctw.sk\/index.php\/wp-json\/wp\/v2\/product"}],"about":[{"href":"https:\/\/loxone.ctw.sk\/index.php\/wp-json\/wp\/v2\/types\/product"}],"wp:featuredmedia":[{"embeddable":true,"href":"https:\/\/loxone.ctw.sk\/index.php\/wp-json\/wp\/v2\/media\/1507"}],"wp:attachment":[{"href":"https:\/\/loxone.ctw.sk\/index.php\/wp-json\/wp\/v2\/media?parent=1506"}],"wp:term":[{"taxonomy":"location","embeddable":true,"href":"https:\/\/loxone.ctw.sk\/index.php\/wp-json\/wp\/v2\/location?post=1506"},{"taxonomy":"product_brand","embeddable":true,"href":"https:\/\/loxone.ctw.sk\/index.php\/wp-json\/wp\/v2\/product_brand?post=1506"},{"taxonomy":"product_cat","embeddable":true,"href":"https:\/\/loxone.ctw.sk\/index.php\/wp-json\/wp\/v2\/product_cat?post=1506"},{"taxonomy":"product_tag","embeddable":true,"href":"https:\/\/loxone.ctw.sk\/index.php\/wp-json\/wp\/v2\/product_tag?post=1506"}],"curies":[{"name":"wp","href":"https:\/\/api.w.org\/{rel}","templated":true}]}}