{"id":1510,"date":"2026-01-09T10:37:01","date_gmt":"2026-01-09T09:37:01","guid":{"rendered":"https:\/\/shop.dohlad.info\/index.php\/product\/loxone-papuce-vel-41-42\/"},"modified":"2026-02-08T14:39:01","modified_gmt":"2026-02-08T13:39:01","slug":"loxone-papuce-vel-41-42","status":"publish","type":"product","link":"https:\/\/loxone.ctw.sk\/index.php\/product\/loxone-papuce-vel-41-42\/","title":{"rendered":"Loxone Papu\u010de ve\u013e. 41\/42"},"content":{"rendered":"<p>Zelen\u00e9 plsten\u00e9 papu\u010de Loxone s\u00fa ide\u00e1lne na chladn\u00e9 zimn\u00e9 dni alebo ako papu\u010de pre host\u00ed \u010di fan\u00fa\u0161ikov zna\u010dky Loxone. Ov\u010dia ko\u017ea a merino pls\u0165 spo\u013eahlivo absorbuj\u00fa pot bez pocitu vlhkosti.<\/p>\n<ul>\n<li>Nek\u013azav\u00e9 v\u010faka latexov\u00e9mu po\u0165ahu.<\/li>\n<li>Region\u00e1lne materi\u00e1ly a v\u00fdroba.<\/li>\n<li>S \u010diernym logom Loxone.<\/li>\n<\/ul>\n","protected":false},"excerpt":{"rendered":"<p>Zelen\u00e9 plsten\u00e9 papu\u010de Loxone s\u00fa ide\u00e1lne na chladn\u00e9 zimn\u00e9 dni alebo ako papu\u010de pre host\u00ed \u010di fan\u00fa\u0161ikov zna\u010dky Loxone. Ov\u010dia ko\u017ea a merino pls\u0165 spo\u013eahlivo absorbuj\u00fa pot bez pocitu vlhkosti.<\/p>\n<p>&nbsp;<\/p>\n","protected":false},"featured_media":1511,"template":"","meta":[],"location":[],"product_brand":[],"product_cat":[369],"product_tag":[],"class_list":{"0":"post-1510","1":"product","2":"type-product","3":"status-publish","4":"has-post-thumbnail","6":"product_cat-other","8":"first","9":"instock","10":"sold-individually","11":"taxable","12":"shipping-taxable","13":"purchasable","14":"product-type-simple"},"locations":[],"_links":{"self":[{"href":"https:\/\/loxone.ctw.sk\/index.php\/wp-json\/wp\/v2\/product\/1510","targetHints":{"allow":["GET"]}}],"collection":[{"href":"https:\/\/loxone.ctw.sk\/index.php\/wp-json\/wp\/v2\/product"}],"about":[{"href":"https:\/\/loxone.ctw.sk\/index.php\/wp-json\/wp\/v2\/types\/product"}],"wp:featuredmedia":[{"embeddable":true,"href":"https:\/\/loxone.ctw.sk\/index.php\/wp-json\/wp\/v2\/media\/1511"}],"wp:attachment":[{"href":"https:\/\/loxone.ctw.sk\/index.php\/wp-json\/wp\/v2\/media?parent=1510"}],"wp:term":[{"taxonomy":"location","embeddable":true,"href":"https:\/\/loxone.ctw.sk\/index.php\/wp-json\/wp\/v2\/location?post=1510"},{"taxonomy":"product_brand","embeddable":true,"href":"https:\/\/loxone.ctw.sk\/index.php\/wp-json\/wp\/v2\/product_brand?post=1510"},{"taxonomy":"product_cat","embeddable":true,"href":"https:\/\/loxone.ctw.sk\/index.php\/wp-json\/wp\/v2\/product_cat?post=1510"},{"taxonomy":"product_tag","embeddable":true,"href":"https:\/\/loxone.ctw.sk\/index.php\/wp-json\/wp\/v2\/product_tag?post=1510"}],"curies":[{"name":"wp","href":"https:\/\/api.w.org\/{rel}","templated":true}]}}