{"id":1535,"date":"2026-01-09T10:37:01","date_gmt":"2026-01-09T09:37:01","guid":{"rendered":"https:\/\/shop.dohlad.info\/index.php\/product\/wall-speaker-cierna\/"},"modified":"2026-02-08T23:21:03","modified_gmt":"2026-02-08T22:21:03","slug":"wall-speaker-cierna","status":"publish","type":"product","link":"https:\/\/loxone.ctw.sk\/index.php\/product\/wall-speaker-cierna\/","title":{"rendered":"WALL Speaker \u010dierna"},"content":{"rendered":"<p>Wall Speaker je flexibiln\u00fd 2-p\u00e1smov\u00fd reproduktor. Reproduktor dokonale lad\u00ed s Loxone Audioserver a v\u010faka integrovan\u00e9mu zaveseniu na stenu ho mo\u017eno in\u0161talova\u0165 vertik\u00e1lne alebo horizont\u00e1lne. V\u0161etky komponenty s\u00fa optimalizovan\u00e9 pre <strong>n\u00edzke skreslenie<\/strong> a <strong>vysok\u00e9 rozl\u00ed\u0161enie akustick\u00fdch detailov<\/strong>. Ak chcete naplno rozvin\u00fa\u0165 potenci\u00e1l reproduktora, odpor\u00fa\u010dame <strong>mont\u00e1\u017e na stenu<\/strong>.<\/p>\n<p><strong>Vlastnosti:<\/strong><\/p>\n<ul>\n<li>Integrovan\u00e9 zavesenie, mo\u017eno namontova\u0165 horizont\u00e1lne alebo vertik\u00e1lne.<\/li>\n<li>Pas\u00edvna membr\u00e1na na zosilnenie basov.<\/li>\n<li>Kraftov\u00fd papier vystu\u017een\u00fd vl\u00e1knami \u2013 vysok\u00e1 tuhos\u0165 a n\u00edzka hmotnos\u0165 vedie k mal\u00e9mu skresleniu a \u010dist\u00e9mu zvuku.<\/li>\n<li>Zaoblen\u00e9 hrany podporuj\u00fa po\u017eiadavky na dizajn.<\/li>\n<\/ul>\n","protected":false},"excerpt":{"rendered":"<p>Wall Speaker je flexibiln\u00fd 2-p\u00e1smov\u00fd reproduktor. Reproduktor dokonale lad\u00ed s Loxone Audioserver a v\u010faka integrovan\u00e9mu zaveseniu na stenu ho mo\u017eno in\u0161talova\u0165 vertik\u00e1lne alebo horizont\u00e1lne. V\u0161etky komponenty s\u00fa optimalizovan\u00e9 pre <strong>n\u00edzke skreslenie<\/strong> a <strong>vysok\u00e9 rozl\u00ed\u0161enie akustick\u00fdch detailov<\/strong>. Ak chcete naplno rozvin\u00fa\u0165 potenci\u00e1l reproduktora, odpor\u00fa\u010dame <strong>mont\u00e1\u017e na stenu<\/strong>.<\/p>\n<p>&nbsp;<\/p>\n","protected":false},"featured_media":1890,"template":"","meta":[],"location":[],"product_brand":[],"product_cat":[357],"product_tag":[],"class_list":{"0":"post-1535","1":"product","2":"type-product","3":"status-publish","4":"has-post-thumbnail","6":"product_cat-pasivne-reproduktory","8":"first","9":"instock","10":"sold-individually","11":"taxable","12":"shipping-taxable","13":"purchasable","14":"product-type-simple"},"locations":[],"_links":{"self":[{"href":"https:\/\/loxone.ctw.sk\/index.php\/wp-json\/wp\/v2\/product\/1535","targetHints":{"allow":["GET"]}}],"collection":[{"href":"https:\/\/loxone.ctw.sk\/index.php\/wp-json\/wp\/v2\/product"}],"about":[{"href":"https:\/\/loxone.ctw.sk\/index.php\/wp-json\/wp\/v2\/types\/product"}],"wp:featuredmedia":[{"embeddable":true,"href":"https:\/\/loxone.ctw.sk\/index.php\/wp-json\/wp\/v2\/media\/1890"}],"wp:attachment":[{"href":"https:\/\/loxone.ctw.sk\/index.php\/wp-json\/wp\/v2\/media?parent=1535"}],"wp:term":[{"taxonomy":"location","embeddable":true,"href":"https:\/\/loxone.ctw.sk\/index.php\/wp-json\/wp\/v2\/location?post=1535"},{"taxonomy":"product_brand","embeddable":true,"href":"https:\/\/loxone.ctw.sk\/index.php\/wp-json\/wp\/v2\/product_brand?post=1535"},{"taxonomy":"product_cat","embeddable":true,"href":"https:\/\/loxone.ctw.sk\/index.php\/wp-json\/wp\/v2\/product_cat?post=1535"},{"taxonomy":"product_tag","embeddable":true,"href":"https:\/\/loxone.ctw.sk\/index.php\/wp-json\/wp\/v2\/product_tag?post=1535"}],"curies":[{"name":"wp","href":"https:\/\/api.w.org\/{rel}","templated":true}]}}