{"id":289,"date":"2026-01-09T10:25:16","date_gmt":"2026-01-09T09:25:16","guid":{"rendered":"https:\/\/shop.dohlad.info\/index.php\/product\/weidmuller-priechodna-radova-svorkovnica-s4c-2-5-oranzova-100-ks\/"},"modified":"2026-01-09T10:25:41","modified_gmt":"2026-01-09T09:25:41","slug":"weidmuller-priechodna-radova-svorkovnica-s4c-2-5-oranzova-100-ks","status":"publish","type":"product","link":"https:\/\/loxone.ctw.sk\/index.php\/product\/weidmuller-priechodna-radova-svorkovnica-s4c-2-5-oranzova-100-ks\/","title":{"rendered":"Weidm\u00fcller Priechodn\u00e1 radov\u00e1 svorkovnica S4C 2.5 oran\u017eov\u00e1 (100 ks)"},"content":{"rendered":"<p>\u0160tvorp\u00f3lov\u00e9 priechodn\u00e9 svorkovnice <strong>S4C 2.5<\/strong> s\u00fa navrhnut\u00e9 pre \u00fasporn\u00fa kabel\u00e1\u017e v projektoch Loxone.<\/p>\n<\/p>\n<ul>\n<li><strong>Kompaktn\u00fd dizajn:<\/strong> Nov\u00e9 svorkovnice perfektne zapadn\u00fa do ka\u017ed\u00e9ho rozv\u00e1dza\u010da. \u0160tyri p\u00f3ly s\u00fa ide\u00e1lne pre priestorovo \u00fasporn\u00fa kabel\u00e1\u017e v projektoch Loxone.<\/li>\n<li><strong>\u0160k\u00e1lovate\u013enos\u0165:<\/strong> Ak je potrebn\u00e9 viac pripojen\u00ed, d\u00e1 sa to jednoducho dosiahnu\u0165 pomocou prepojok (cross connectors).<\/li>\n<li><strong>Jednoduch\u00e1 in\u0161tal\u00e1cia:<\/strong> Inovat\u00edvna technol\u00f3gia <strong>SNAP-IN<\/strong> zabezpe\u010duje r\u00fdchle a spo\u013eahliv\u00e9 zapojenie bez pou\u017eitia n\u00e1radia.<\/li>\n<li><strong>Preh\u013eadn\u00e9 usporiadanie:<\/strong> V\u010faka zn\u00e1mej farebnej sch\u00e9me Loxone je na prv\u00fd poh\u013ead jasn\u00e9, kde sa nach\u00e1dza 24V (oran\u017eov\u00e1), Tree (zelen\u00e1) a GND (biela).<\/li>\n<li><strong>Typ: <\/strong>S4C 2.5 OR<\/li>\n<li><strong>Prierez vodi\u010da:<\/strong>\n<ul>\n<li>Pln\u00e9 \/ jemne lanen\u00e9 vodi\u010de: 0,5\u20262,5 mm\u00b2<\/li>\n<li>Men\u0161\u00ed prierez je mo\u017en\u00fd pri pou\u017eit\u00ed dutiniek.<\/li>\n<\/ul>\n<\/li>\n<\/ul><\/p>\n","protected":false},"excerpt":{"rendered":"<p>\u0160tvorp\u00f3lov\u00e9 priechodn\u00e9 svorkovnice <strong>S4C 2.5<\/strong> s\u00fa navrhnut\u00e9 pre \u00fasporn\u00fa kabel\u00e1\u017e v projektoch Loxone.<\/p>\n<\/p>\n<ul>\n<li><strong>Kompaktn\u00fd dizajn:<\/strong> Nov\u00e9 svorkovnice perfektne zapadn\u00fa do ka\u017ed\u00e9ho rozv\u00e1dza\u010da. \u0160tyri p\u00f3ly s\u00fa ide\u00e1lne pre priestorovo \u00fasporn\u00fa kabel\u00e1\u017e v projektoch Loxone.<\/li>\n<li><strong>\u0160k\u00e1lovate\u013enos\u0165:<\/strong> Ak je potrebn\u00e9 viac pripojen\u00ed, d\u00e1 sa to jednoducho dosiahnu\u0165 pomocou prepojok (cross connectors).<\/li>\n<li><strong>Jednoduch\u00e1 in\u0161tal\u00e1cia:<\/strong> Inovat\u00edvna technol\u00f3gia <strong>SNAP-IN<\/strong> zabezpe\u010duje r\u00fdchle a spo\u013eahliv\u00e9 zapojenie bez pou\u017eitia n\u00e1radia.<\/li>\n<li><strong>Preh\u013eadn\u00e9 usporiadanie:<\/strong> V\u010faka zn\u00e1mej farebnej sch\u00e9me Loxone je na prv\u00fd poh\u013ead jasn\u00e9, kde sa nach\u00e1dza 24V (oran\u017eov\u00e1), Tree (zelen\u00e1) a GND (biela).<\/li>\n<li><strong>Typ: <\/strong>S4C 2.5 OR<\/li>\n<li><strong>Prierez vodi\u010da:<\/strong>\n<ul>\n<li>Pln\u00e9 \/ jemne lanen\u00e9 vodi\u010de: 0,5\u20262,5 mm\u00b2<\/li>\n<li>Men\u0161\u00ed prierez je mo\u017en\u00fd pri pou\u017eit\u00ed dutiniek.<\/li>\n<\/ul>\n<\/li>\n<\/ul><\/p>\n","protected":false},"featured_media":91,"template":"","meta":[],"location":[],"product_brand":[],"product_cat":[342],"product_tag":[],"class_list":{"0":"post-289","1":"product","2":"type-product","3":"status-publish","4":"has-post-thumbnail","6":"product_cat-kabelaz","8":"first","9":"instock","10":"sold-individually","11":"taxable","12":"shipping-taxable","13":"purchasable","14":"product-type-simple"},"locations":[],"_links":{"self":[{"href":"https:\/\/loxone.ctw.sk\/index.php\/wp-json\/wp\/v2\/product\/289","targetHints":{"allow":["GET"]}}],"collection":[{"href":"https:\/\/loxone.ctw.sk\/index.php\/wp-json\/wp\/v2\/product"}],"about":[{"href":"https:\/\/loxone.ctw.sk\/index.php\/wp-json\/wp\/v2\/types\/product"}],"wp:featuredmedia":[{"embeddable":true,"href":"https:\/\/loxone.ctw.sk\/index.php\/wp-json\/wp\/v2\/media\/91"}],"wp:attachment":[{"href":"https:\/\/loxone.ctw.sk\/index.php\/wp-json\/wp\/v2\/media?parent=289"}],"wp:term":[{"taxonomy":"location","embeddable":true,"href":"https:\/\/loxone.ctw.sk\/index.php\/wp-json\/wp\/v2\/location?post=289"},{"taxonomy":"product_brand","embeddable":true,"href":"https:\/\/loxone.ctw.sk\/index.php\/wp-json\/wp\/v2\/product_brand?post=289"},{"taxonomy":"product_cat","embeddable":true,"href":"https:\/\/loxone.ctw.sk\/index.php\/wp-json\/wp\/v2\/product_cat?post=289"},{"taxonomy":"product_tag","embeddable":true,"href":"https:\/\/loxone.ctw.sk\/index.php\/wp-json\/wp\/v2\/product_tag?post=289"}],"curies":[{"name":"wp","href":"https:\/\/api.w.org\/{rel}","templated":true}]}}