{"id":295,"date":"2026-01-09T10:25:50","date_gmt":"2026-01-09T09:25:50","guid":{"rendered":"https:\/\/shop.dohlad.info\/index.php\/product\/loxone-tree-kabel-200-m\/"},"modified":"2026-01-09T10:25:53","modified_gmt":"2026-01-09T09:25:53","slug":"loxone-tree-kabel-200-m","status":"publish","type":"product","link":"https:\/\/loxone.ctw.sk\/index.php\/product\/loxone-tree-kabel-200-m\/","title":{"rendered":"Loxone Tree k\u00e1bel (200 m)"},"content":{"rendered":"<p>Loxone Tree k\u00e1bel obsahuje p\u00e1ry vodi\u010dov na zapojenie jednosmern\u00e9ho nap\u00e1jania a d\u00e1tov\u00fdch vodi\u010dov zariaden\u00ed Tree. K\u00e1bel obsahuje aj p\u00e1r vodi\u010dov s prierezom 1,5 mm\u00b2 pre nap\u00e1janie zariaden\u00ed s vy\u0161\u0161\u00edmi po\u017eiadavkami na nap\u00e1janie.<\/p>\n<p><strong>Vlastnosti:<\/strong><\/p>\n<ul>\n<li>Univerz\u00e1lne pou\u017eitie pre v\u0161etky produkty Tree.<\/li>\n<li>Kart\u00f3nov\u00fd box s navinut\u00edm pre minimaliz\u00e1ciu kr\u00fatenia.<\/li>\n<li>Jednoduch\u00e9 odizolovanie a pripojenie v\u010faka nap\u00e1jaciemu k\u00e1blu 2&#215;1,5 mm\u00b2 a k\u00e1blom 2x2x0,8 mm.<\/li>\n<li>Robustrn\u00e1 kon\u0161trukcia pre spo\u013eahliv\u00e9 spojenie bez preru\u0161enia k\u00e1bla.<\/li>\n<li>Presn\u00e9 farebn\u00e9 zna\u010denie.<\/li>\n<li>Zna\u010denie metrov.<\/li>\n<\/ul>\n","protected":false},"excerpt":{"rendered":"<p>Loxone Tree k\u00e1bel obsahuje p\u00e1ry vodi\u010dov na zapojenie jednosmern\u00e9ho nap\u00e1jania a d\u00e1tov\u00fdch vodi\u010dov zariaden\u00ed Tree. K\u00e1bel obsahuje aj p\u00e1r vodi\u010dov s prierezom 1,5 mm\u00b2 pre nap\u00e1janie zariaden\u00ed s vy\u0161\u0161\u00edmi po\u017eiadavkami na nap\u00e1janie.<\/p>\n<p><strong>Vlastnosti:<\/strong><\/p>\n<ul>\n<li>Univerz\u00e1lne pou\u017eitie pre v\u0161etky produkty Tree.<\/li>\n<li>Kart\u00f3nov\u00fd box s navinut\u00edm pre minimaliz\u00e1ciu kr\u00fatenia.<\/li>\n<li>Jednoduch\u00e9 odizolovanie a pripojenie v\u010faka nap\u00e1jaciemu k\u00e1blu 2&#215;1,5 mm\u00b2 a k\u00e1blom 2x2x0,8 mm.<\/li>\n<li>Robustrn\u00e1 kon\u0161trukcia pre spo\u013eahliv\u00e9 spojenie bez preru\u0161enia k\u00e1bla.<\/li>\n<li>Presn\u00e9 farebn\u00e9 zna\u010denie.<\/li>\n<li>Zna\u010denie metrov.<\/li>\n<\/ul>\n","protected":false},"featured_media":106,"template":"","meta":[],"location":[],"product_brand":[],"product_cat":[342],"product_tag":[],"class_list":{"0":"post-295","1":"product","2":"type-product","3":"status-publish","4":"has-post-thumbnail","6":"product_cat-kabelaz","8":"first","9":"instock","10":"sold-individually","11":"taxable","12":"shipping-taxable","13":"purchasable","14":"product-type-simple"},"locations":[],"_links":{"self":[{"href":"https:\/\/loxone.ctw.sk\/index.php\/wp-json\/wp\/v2\/product\/295","targetHints":{"allow":["GET"]}}],"collection":[{"href":"https:\/\/loxone.ctw.sk\/index.php\/wp-json\/wp\/v2\/product"}],"about":[{"href":"https:\/\/loxone.ctw.sk\/index.php\/wp-json\/wp\/v2\/types\/product"}],"wp:featuredmedia":[{"embeddable":true,"href":"https:\/\/loxone.ctw.sk\/index.php\/wp-json\/wp\/v2\/media\/106"}],"wp:attachment":[{"href":"https:\/\/loxone.ctw.sk\/index.php\/wp-json\/wp\/v2\/media?parent=295"}],"wp:term":[{"taxonomy":"location","embeddable":true,"href":"https:\/\/loxone.ctw.sk\/index.php\/wp-json\/wp\/v2\/location?post=295"},{"taxonomy":"product_brand","embeddable":true,"href":"https:\/\/loxone.ctw.sk\/index.php\/wp-json\/wp\/v2\/product_brand?post=295"},{"taxonomy":"product_cat","embeddable":true,"href":"https:\/\/loxone.ctw.sk\/index.php\/wp-json\/wp\/v2\/product_cat?post=295"},{"taxonomy":"product_tag","embeddable":true,"href":"https:\/\/loxone.ctw.sk\/index.php\/wp-json\/wp\/v2\/product_tag?post=295"}],"curies":[{"name":"wp","href":"https:\/\/api.w.org\/{rel}","templated":true}]}}