{"id":298,"date":"2026-01-09T10:25:50","date_gmt":"2026-01-09T09:25:50","guid":{"rendered":"https:\/\/shop.dohlad.info\/index.php\/product\/ultrazvukovy-senzor-0-10v\/"},"modified":"2026-01-09T10:25:57","modified_gmt":"2026-01-09T09:25:57","slug":"ultrazvukovy-senzor-0-10v","status":"publish","type":"product","link":"https:\/\/loxone.ctw.sk\/index.php\/product\/ultrazvukovy-senzor-0-10v\/","title":{"rendered":"Ultrazvukov\u00fd senzor 0-10V"},"content":{"rendered":"<p>Ultrazvukov\u00fd senzor 0\u201310 V <strong>meria bezdotykovo vzdialenos\u0165 k objektu<\/strong>, ktor\u00fd sa mus\u00ed nach\u00e1dza\u0165 v jeho detek\u010dnom rozsahu. Na z\u00e1klade nastaven\u00fdch medz\u00ed je vyd\u00e1van\u00fd sign\u00e1l \u00famern\u00fd nameranej vzdialenosti.<\/p>\n<p><strong>Technick\u00e9 detaily:<\/strong><\/p>\n<ul>\n<li>Meranie hladiny v n\u00e1dr\u017eiach, sil\u00e1ch a pod.<\/li>\n<li>Detek\u010dn\u00fd rozsah: 600\u20136000 mm.<\/li>\n<li>Integrovan\u00fd merac\u00ed prevodn\u00edk.<\/li>\n<li>Vr\u00e1tane pripojovacieho k\u00e1bla s d\u013a\u017ekou 10 m.<\/li>\n<\/ul>\n","protected":false},"excerpt":{"rendered":"<p>Ultrazvukov\u00fd senzor 0\u201310 V <strong>meria bezdotykovo vzdialenos\u0165 k objektu<\/strong>, ktor\u00fd sa mus\u00ed nach\u00e1dza\u0165 v jeho detek\u010dnom rozsahu. Na z\u00e1klade nastaven\u00fdch medz\u00ed je vyd\u00e1van\u00fd sign\u00e1l \u00famern\u00fd nameranej vzdialenosti.<\/p>\n<p><strong>Technick\u00e9 detaily:<\/strong><\/p>\n<ul>\n<li>Meranie hladiny v n\u00e1dr\u017eiach, sil\u00e1ch a pod.<\/li>\n<li>Detek\u010dn\u00fd rozsah: 600\u20136000 mm.<\/li>\n<li>Integrovan\u00fd merac\u00ed prevodn\u00edk.<\/li>\n<li>Vr\u00e1tane pripojovacieho k\u00e1bla s d\u013a\u017ekou 10 m.<\/li>\n<\/ul>\n","protected":false},"featured_media":113,"template":"","meta":[],"location":[],"product_brand":[],"product_cat":[353],"product_tag":[],"class_list":{"0":"post-298","1":"product","2":"type-product","3":"status-publish","4":"has-post-thumbnail","6":"product_cat-senzory-prislusenstvo","8":"first","9":"instock","10":"sold-individually","11":"taxable","12":"shipping-taxable","13":"purchasable","14":"product-type-simple"},"locations":[],"_links":{"self":[{"href":"https:\/\/loxone.ctw.sk\/index.php\/wp-json\/wp\/v2\/product\/298","targetHints":{"allow":["GET"]}}],"collection":[{"href":"https:\/\/loxone.ctw.sk\/index.php\/wp-json\/wp\/v2\/product"}],"about":[{"href":"https:\/\/loxone.ctw.sk\/index.php\/wp-json\/wp\/v2\/types\/product"}],"wp:featuredmedia":[{"embeddable":true,"href":"https:\/\/loxone.ctw.sk\/index.php\/wp-json\/wp\/v2\/media\/113"}],"wp:attachment":[{"href":"https:\/\/loxone.ctw.sk\/index.php\/wp-json\/wp\/v2\/media?parent=298"}],"wp:term":[{"taxonomy":"location","embeddable":true,"href":"https:\/\/loxone.ctw.sk\/index.php\/wp-json\/wp\/v2\/location?post=298"},{"taxonomy":"product_brand","embeddable":true,"href":"https:\/\/loxone.ctw.sk\/index.php\/wp-json\/wp\/v2\/product_brand?post=298"},{"taxonomy":"product_cat","embeddable":true,"href":"https:\/\/loxone.ctw.sk\/index.php\/wp-json\/wp\/v2\/product_cat?post=298"},{"taxonomy":"product_tag","embeddable":true,"href":"https:\/\/loxone.ctw.sk\/index.php\/wp-json\/wp\/v2\/product_tag?post=298"}],"curies":[{"name":"wp","href":"https:\/\/api.w.org\/{rel}","templated":true}]}}