{"id":304,"date":"2026-01-09T10:25:50","date_gmt":"2026-01-09T09:25:50","guid":{"rendered":"https:\/\/shop.dohlad.info\/index.php\/product\/20-polova-prepojka-weidmuller-20-ks\/"},"modified":"2026-01-09T10:26:08","modified_gmt":"2026-01-09T09:26:08","slug":"20-polova-prepojka-weidmuller-20-ks","status":"publish","type":"product","link":"https:\/\/loxone.ctw.sk\/index.php\/product\/20-polova-prepojka-weidmuller-20-ks\/","title":{"rendered":"20-p\u00f3lov\u00e1 prepojka Weidm\u00fcller (20 ks)"},"content":{"rendered":"<p>20-kol\u00edkov\u00fd kr\u00ed\u017eov\u00fd konektor pre <strong>in\u0161tal\u00e1ciu svorkovnice a svorkovnice na pripojenie motoru.<\/strong> odre\u017ete po\u017eadovan\u00e9 p\u00f3ly.<\/p>\n<ul>\n<li>Balenie 20 kusov.<\/li>\n<li>Typ: ZQV 2,5N\/20.<\/li>\n<li>\u010c\u00edslo polo\u017eky v\u00fdrobcu: 1527720000.<\/li>\n<\/ul>\n","protected":false},"excerpt":{"rendered":"<p>20-kol\u00edkov\u00fd kr\u00ed\u017eov\u00fd konektor pre <strong>in\u0161tal\u00e1ciu svorkovnice a svorkovnice na pripojenie motoru.<\/strong> odre\u017ete po\u017eadovan\u00e9 p\u00f3ly.<\/p>\n<ul>\n<li>Balenie 20 kusov.<\/li>\n<li>Typ: ZQV 2,5N\/20.<\/li>\n<li>\u010c\u00edslo polo\u017eky v\u00fdrobcu: 1527720000.<\/li>\n<\/ul>\n","protected":false},"featured_media":128,"template":"","meta":[],"location":[],"product_brand":[],"product_cat":[342],"product_tag":[],"class_list":{"0":"post-304","1":"product","2":"type-product","3":"status-publish","4":"has-post-thumbnail","6":"product_cat-kabelaz","8":"first","9":"instock","10":"sold-individually","11":"taxable","12":"shipping-taxable","13":"purchasable","14":"product-type-simple"},"locations":[],"_links":{"self":[{"href":"https:\/\/loxone.ctw.sk\/index.php\/wp-json\/wp\/v2\/product\/304","targetHints":{"allow":["GET"]}}],"collection":[{"href":"https:\/\/loxone.ctw.sk\/index.php\/wp-json\/wp\/v2\/product"}],"about":[{"href":"https:\/\/loxone.ctw.sk\/index.php\/wp-json\/wp\/v2\/types\/product"}],"wp:featuredmedia":[{"embeddable":true,"href":"https:\/\/loxone.ctw.sk\/index.php\/wp-json\/wp\/v2\/media\/128"}],"wp:attachment":[{"href":"https:\/\/loxone.ctw.sk\/index.php\/wp-json\/wp\/v2\/media?parent=304"}],"wp:term":[{"taxonomy":"location","embeddable":true,"href":"https:\/\/loxone.ctw.sk\/index.php\/wp-json\/wp\/v2\/location?post=304"},{"taxonomy":"product_brand","embeddable":true,"href":"https:\/\/loxone.ctw.sk\/index.php\/wp-json\/wp\/v2\/product_brand?post=304"},{"taxonomy":"product_cat","embeddable":true,"href":"https:\/\/loxone.ctw.sk\/index.php\/wp-json\/wp\/v2\/product_cat?post=304"},{"taxonomy":"product_tag","embeddable":true,"href":"https:\/\/loxone.ctw.sk\/index.php\/wp-json\/wp\/v2\/product_tag?post=304"}],"curies":[{"name":"wp","href":"https:\/\/api.w.org\/{rel}","templated":true}]}}