{"id":305,"date":"2026-01-09T10:25:50","date_gmt":"2026-01-09T09:25:50","guid":{"rendered":"https:\/\/shop.dohlad.info\/index.php\/product\/qube-cs10-active-subwoofer-cierna\/"},"modified":"2026-02-09T00:10:50","modified_gmt":"2026-02-08T23:10:50","slug":"qube-cs10-active-subwoofer-cierna","status":"publish","type":"product","link":"https:\/\/loxone.ctw.sk\/index.php\/product\/qube-cs10-active-subwoofer-cierna\/","title":{"rendered":"QUBE CS10 Active Subwoofer \u010dierna"},"content":{"rendered":"<p>Jeho neskrotn\u00e1 t\u00fa\u017eba po v\u00fdkone a schopnos\u0165 <strong>hudobnej adaptability<\/strong> robia z QUBE CS10 mimoriadne atrakt\u00edvnu vo\u013ebu pre HiFi aj dom\u00e1ce kino zostavy.<\/p>\n<p>Vstavan\u00fd zosil\u0148ova\u010d QUBE CS10 pon\u00faka p\u00f4sobiv\u00fd v\u00fdkon 250\/300 wattov, ktor\u00fd dod\u00e1va 260mm dlhozdvihov\u00e9mu basov\u00e9mu reproduktoru <strong>ohromuj\u00facu dynamiku a energiu<\/strong>. Stabilitu mas\u00edvnej kon\u0161trukcie zais\u0165uj\u00fa \u0161tyri pevn\u00e9 n\u00f4\u017eky, ktor\u00e9 br\u00e1nia subwooferu v strate kontaktu s podlahou. Kultivovan\u00e1 elegancia a surov\u00e1 sila sa tu sn\u00fabi v dokonalej harm\u00f3nii.<\/p>\n<div class=\"col-md-3\"><\/div>\n","protected":false},"excerpt":{"rendered":"<p>Vstavan\u00fd zosil\u0148ova\u010d QUBE CS10 pon\u00faka p\u00f4sobiv\u00fd v\u00fdkon 250\/300 wattov, ktor\u00fd dod\u00e1va 260mm dlhozdvihov\u00e9mu basov\u00e9mu reproduktoru <strong>ohromuj\u00facu dynamiku a energiu<\/strong>. Stabilitu mas\u00edvnej kon\u0161trukcie zais\u0165uj\u00fa \u0161tyri pevn\u00e9 n\u00f4\u017eky, ktor\u00e9 br\u00e1nia subwooferu v strate kontaktu s podlahou. Kultivovan\u00e1 elegancia a surov\u00e1 sila sa tu sn\u00fabi v dokonalej harm\u00f3nii.<\/p>\n<div class=\"col-md-3\"><\/div>\n","protected":false},"featured_media":129,"template":"","meta":[],"location":[],"product_brand":[],"product_cat":[334],"product_tag":[],"class_list":{"0":"post-305","1":"product","2":"type-product","3":"status-publish","4":"has-post-thumbnail","6":"product_cat-aktivne-reproduktory","8":"first","9":"instock","10":"sold-individually","11":"taxable","12":"shipping-taxable","13":"purchasable","14":"product-type-simple"},"locations":[],"_links":{"self":[{"href":"https:\/\/loxone.ctw.sk\/index.php\/wp-json\/wp\/v2\/product\/305","targetHints":{"allow":["GET"]}}],"collection":[{"href":"https:\/\/loxone.ctw.sk\/index.php\/wp-json\/wp\/v2\/product"}],"about":[{"href":"https:\/\/loxone.ctw.sk\/index.php\/wp-json\/wp\/v2\/types\/product"}],"wp:featuredmedia":[{"embeddable":true,"href":"https:\/\/loxone.ctw.sk\/index.php\/wp-json\/wp\/v2\/media\/129"}],"wp:attachment":[{"href":"https:\/\/loxone.ctw.sk\/index.php\/wp-json\/wp\/v2\/media?parent=305"}],"wp:term":[{"taxonomy":"location","embeddable":true,"href":"https:\/\/loxone.ctw.sk\/index.php\/wp-json\/wp\/v2\/location?post=305"},{"taxonomy":"product_brand","embeddable":true,"href":"https:\/\/loxone.ctw.sk\/index.php\/wp-json\/wp\/v2\/product_brand?post=305"},{"taxonomy":"product_cat","embeddable":true,"href":"https:\/\/loxone.ctw.sk\/index.php\/wp-json\/wp\/v2\/product_cat?post=305"},{"taxonomy":"product_tag","embeddable":true,"href":"https:\/\/loxone.ctw.sk\/index.php\/wp-json\/wp\/v2\/product_tag?post=305"}],"curies":[{"name":"wp","href":"https:\/\/api.w.org\/{rel}","templated":true}]}}