{"id":312,"date":"2026-01-09T10:25:50","date_gmt":"2026-01-09T09:25:50","guid":{"rendered":"https:\/\/shop.dohlad.info\/index.php\/product\/signum-20-cierna-par\/"},"modified":"2026-02-09T00:11:50","modified_gmt":"2026-02-08T23:11:50","slug":"signum-20-cierna-par","status":"publish","type":"product","link":"https:\/\/loxone.ctw.sk\/index.php\/product\/signum-20-cierna-par\/","title":{"rendered":"SIGNUM 20 \u010dierna p\u00e1r"},"content":{"rendered":"<p>Pokia\u013e h\u013ead\u00e1te reproduktor <strong>pre men\u0161ie miestnosti alebo pre surround zostavu<\/strong>, SIGNUM 20 je tou spr\u00e1vnou vo\u013ebou. Kompaktn\u00fd reg\u00e1lov\u00fd reproduktor m\u00e1 v\u0161etko, \u010d\u00edm sa vyzna\u010duje cel\u00e1 rodina produktov SIGNUM: kont\u00farovan\u00fd z\u00e1klad a kri\u0161t\u00e1\u013eovo \u010dist\u00e9 podt\u00f3ny, priestorovos\u0165, vysok\u00e1 dynamika a talent odhali\u0165 v\u0161etky detaily aj pri tichej hudbe.<\/p>\n<p><strong>Cena sa vz\u0165ahuje na 1 sadu (2 kusy)!<\/strong><\/p>\n","protected":false},"excerpt":{"rendered":"<p>Pokia\u013e h\u013ead\u00e1te reproduktor <strong>pre men\u0161ie miestnosti alebo pre surround zostavu<\/strong>, SIGNUM 20 je tou spr\u00e1vnou vo\u013ebou. Kompaktn\u00fd reg\u00e1lov\u00fd reproduktor m\u00e1 v\u0161etko, \u010d\u00edm sa vyzna\u010duje cel\u00e1 rodina produktov SIGNUM: kont\u00farovan\u00fd z\u00e1klad a kri\u0161t\u00e1\u013eovo \u010dist\u00e9 podt\u00f3ny, priestorovos\u0165, vysok\u00e1 dynamika a talent odhali\u0165 v\u0161etky detaily aj pri tichej hudbe.<\/p>\n<p>&nbsp;<\/p>\n","protected":false},"featured_media":146,"template":"","meta":[],"location":[],"product_brand":[],"product_cat":[357],"product_tag":[],"class_list":{"0":"post-312","1":"product","2":"type-product","3":"status-publish","4":"has-post-thumbnail","6":"product_cat-pasivne-reproduktory","8":"first","9":"instock","10":"sold-individually","11":"taxable","12":"shipping-taxable","13":"purchasable","14":"product-type-simple"},"locations":[],"_links":{"self":[{"href":"https:\/\/loxone.ctw.sk\/index.php\/wp-json\/wp\/v2\/product\/312","targetHints":{"allow":["GET"]}}],"collection":[{"href":"https:\/\/loxone.ctw.sk\/index.php\/wp-json\/wp\/v2\/product"}],"about":[{"href":"https:\/\/loxone.ctw.sk\/index.php\/wp-json\/wp\/v2\/types\/product"}],"wp:featuredmedia":[{"embeddable":true,"href":"https:\/\/loxone.ctw.sk\/index.php\/wp-json\/wp\/v2\/media\/146"}],"wp:attachment":[{"href":"https:\/\/loxone.ctw.sk\/index.php\/wp-json\/wp\/v2\/media?parent=312"}],"wp:term":[{"taxonomy":"location","embeddable":true,"href":"https:\/\/loxone.ctw.sk\/index.php\/wp-json\/wp\/v2\/location?post=312"},{"taxonomy":"product_brand","embeddable":true,"href":"https:\/\/loxone.ctw.sk\/index.php\/wp-json\/wp\/v2\/product_brand?post=312"},{"taxonomy":"product_cat","embeddable":true,"href":"https:\/\/loxone.ctw.sk\/index.php\/wp-json\/wp\/v2\/product_cat?post=312"},{"taxonomy":"product_tag","embeddable":true,"href":"https:\/\/loxone.ctw.sk\/index.php\/wp-json\/wp\/v2\/product_tag?post=312"}],"curies":[{"name":"wp","href":"https:\/\/api.w.org\/{rel}","templated":true}]}}