{"id":316,"date":"2026-01-09T10:26:24","date_gmt":"2026-01-09T09:26:24","guid":{"rendered":"https:\/\/shop.dohlad.info\/index.php\/product\/signum-70-biela\/"},"modified":"2026-01-09T10:26:28","modified_gmt":"2026-01-09T09:26:28","slug":"signum-70-biela","status":"publish","type":"product","link":"https:\/\/loxone.ctw.sk\/index.php\/product\/signum-70-biela\/","title":{"rendered":"SIGNUM 70 biela"},"content":{"rendered":"<p>SIGNUM 70 pon\u00faka <strong>vynikaj\u00facu jemn\u00fa dynamiku<\/strong> a dostatok v\u00fdkonovej rezervy v\u010faka dvojici v\u00fdkonn\u00fdch basov\u00fdch reproduktorov. Pre minimaliz\u00e1ciu vz\u00e1jomn\u00e9ho ovplyvnenia boli basov\u00e9 a stredobasov\u00e9 reproduktory umiestnen\u00e9 do oddelen\u00fdch kom\u00f4r. S leskl\u00fdmi \u010deln\u00fdmi panelmi nie je SIGNUM 70 len vizu\u00e1lnym skvostom, ale aj hudobn\u00fdm majstrom, ktor\u00fd zaujme na celej \u010diare.<\/p>\n","protected":false},"excerpt":{"rendered":"<p>SIGNUM 70 pon\u00faka <strong>vynikaj\u00facu jemn\u00fa dynamiku<\/strong> a dostatok v\u00fdkonovej rezervy v\u010faka dvojici v\u00fdkonn\u00fdch basov\u00fdch reproduktorov. Pre minimaliz\u00e1ciu vz\u00e1jomn\u00e9ho ovplyvnenia boli basov\u00e9 a stredobasov\u00e9 reproduktory umiestnen\u00e9 do oddelen\u00fdch kom\u00f4r. S leskl\u00fdmi \u010deln\u00fdmi panelmi nie je SIGNUM 70 len vizu\u00e1lnym skvostom, ale aj hudobn\u00fdm majstrom, ktor\u00fd zaujme na celej \u010diare.<\/p>\n","protected":false},"featured_media":166,"template":"","meta":[],"location":[],"product_brand":[],"product_cat":[357],"product_tag":[],"class_list":{"0":"post-316","1":"product","2":"type-product","3":"status-publish","4":"has-post-thumbnail","6":"product_cat-pasivne-reproduktory","8":"first","9":"instock","10":"sold-individually","11":"taxable","12":"shipping-taxable","13":"purchasable","14":"product-type-simple"},"locations":[],"_links":{"self":[{"href":"https:\/\/loxone.ctw.sk\/index.php\/wp-json\/wp\/v2\/product\/316","targetHints":{"allow":["GET"]}}],"collection":[{"href":"https:\/\/loxone.ctw.sk\/index.php\/wp-json\/wp\/v2\/product"}],"about":[{"href":"https:\/\/loxone.ctw.sk\/index.php\/wp-json\/wp\/v2\/types\/product"}],"wp:featuredmedia":[{"embeddable":true,"href":"https:\/\/loxone.ctw.sk\/index.php\/wp-json\/wp\/v2\/media\/166"}],"wp:attachment":[{"href":"https:\/\/loxone.ctw.sk\/index.php\/wp-json\/wp\/v2\/media?parent=316"}],"wp:term":[{"taxonomy":"location","embeddable":true,"href":"https:\/\/loxone.ctw.sk\/index.php\/wp-json\/wp\/v2\/location?post=316"},{"taxonomy":"product_brand","embeddable":true,"href":"https:\/\/loxone.ctw.sk\/index.php\/wp-json\/wp\/v2\/product_brand?post=316"},{"taxonomy":"product_cat","embeddable":true,"href":"https:\/\/loxone.ctw.sk\/index.php\/wp-json\/wp\/v2\/product_cat?post=316"},{"taxonomy":"product_tag","embeddable":true,"href":"https:\/\/loxone.ctw.sk\/index.php\/wp-json\/wp\/v2\/product_tag?post=316"}],"curies":[{"name":"wp","href":"https:\/\/api.w.org\/{rel}","templated":true}]}}