{"id":330,"date":"2026-01-09T10:26:24","date_gmt":"2026-01-09T09:26:24","guid":{"rendered":"https:\/\/shop.dohlad.info\/index.php\/product\/power-supply-42-a\/"},"modified":"2026-01-09T10:26:50","modified_gmt":"2026-01-09T09:26:50","slug":"power-supply-42-a","status":"publish","type":"product","link":"https:\/\/loxone.ctw.sk\/index.php\/product\/power-supply-42-a\/","title":{"rendered":"Power Supply 4,2 A"},"content":{"rendered":"<p>Loxone<strong> Power Supply 4,2 A<\/strong> pon\u00faka optim\u00e1lny pomer ve\u013ekosti a v\u00fdkonu pre priestorovo \u00fasporn\u00fa integr\u00e1ciu. Poskytuje stabiln\u00fd 24 V DC v\u00fdstup pre syst\u00e9my Loxone a montuje sa na li\u0161tu DIN. Vstavan\u00e1 ochrana proti pre\u0165a\u017eeniu a skratu zais\u0165uje spo\u013eahliv\u00fa a bezpe\u010dn\u00fa prev\u00e1dzku.<\/p>\n<\/p>\n<p><strong>Vlastnosti:<\/strong><\/p>\n<ul>\n<li>Kompaktn\u00e9 rozmery<\/li>\n<li>Nastavite\u013en\u00e9 nap\u00e4tie<\/li>\n<li>Ochrana proti pre\u0165a\u017eeniu a skratu<\/li>\n<li>Tich\u00e1 prev\u00e1dzka<\/li>\n<\/ul>\n","protected":false},"excerpt":{"rendered":"<p>Loxone<strong> Power Supply 4,2 A<\/strong> pon\u00faka optim\u00e1lny pomer ve\u013ekosti a v\u00fdkonu pre priestorovo \u00fasporn\u00fa integr\u00e1ciu. Poskytuje stabiln\u00fd 24 V DC v\u00fdstup pre syst\u00e9my Loxone a montuje sa na li\u0161tu DIN. Vstavan\u00e1 ochrana proti pre\u0165a\u017eeniu a skratu zais\u0165uje spo\u013eahliv\u00fa a bezpe\u010dn\u00fa prev\u00e1dzku.<\/p>\n<\/p>\n<p><strong>Vlastnosti:<\/strong><\/p>\n<ul>\n<li>Kompaktn\u00e9 rozmery<\/li>\n<li>Nastavite\u013en\u00e9 nap\u00e4tie<\/li>\n<li>Ochrana proti pre\u0165a\u017eeniu a skratu<\/li>\n<li>Tich\u00e1 prev\u00e1dzka<\/li>\n<\/ul>\n","protected":false},"featured_media":218,"template":"","meta":[],"location":[],"product_brand":[],"product_cat":[351,352],"product_tag":[],"class_list":{"0":"post-330","1":"product","2":"type-product","3":"status-publish","4":"has-post-thumbnail","6":"product_cat-napajacie_zdroje","7":"product_cat-napajacie-zdroje-prislusenstvo","9":"first","10":"instock","11":"sold-individually","12":"taxable","13":"shipping-taxable","14":"purchasable","15":"product-type-simple"},"locations":[],"_links":{"self":[{"href":"https:\/\/loxone.ctw.sk\/index.php\/wp-json\/wp\/v2\/product\/330","targetHints":{"allow":["GET"]}}],"collection":[{"href":"https:\/\/loxone.ctw.sk\/index.php\/wp-json\/wp\/v2\/product"}],"about":[{"href":"https:\/\/loxone.ctw.sk\/index.php\/wp-json\/wp\/v2\/types\/product"}],"wp:featuredmedia":[{"embeddable":true,"href":"https:\/\/loxone.ctw.sk\/index.php\/wp-json\/wp\/v2\/media\/218"}],"wp:attachment":[{"href":"https:\/\/loxone.ctw.sk\/index.php\/wp-json\/wp\/v2\/media?parent=330"}],"wp:term":[{"taxonomy":"location","embeddable":true,"href":"https:\/\/loxone.ctw.sk\/index.php\/wp-json\/wp\/v2\/location?post=330"},{"taxonomy":"product_brand","embeddable":true,"href":"https:\/\/loxone.ctw.sk\/index.php\/wp-json\/wp\/v2\/product_brand?post=330"},{"taxonomy":"product_cat","embeddable":true,"href":"https:\/\/loxone.ctw.sk\/index.php\/wp-json\/wp\/v2\/product_cat?post=330"},{"taxonomy":"product_tag","embeddable":true,"href":"https:\/\/loxone.ctw.sk\/index.php\/wp-json\/wp\/v2\/product_tag?post=330"}],"curies":[{"name":"wp","href":"https:\/\/api.w.org\/{rel}","templated":true}]}}