{"id":333,"date":"2026-01-09T10:26:24","date_gmt":"2026-01-09T09:26:24","guid":{"rendered":"https:\/\/shop.dohlad.info\/index.php\/product\/touch-pure-for-nano-antracitova\/"},"modified":"2026-02-10T00:42:04","modified_gmt":"2026-02-09T23:42:04","slug":"touch-pure-for-nano-antracitova","status":"publish","type":"product","link":"https:\/\/loxone.ctw.sk\/index.php\/product\/touch-pure-for-nano-antracitova\/","title":{"rendered":"Touch Pure for Nano antracitov\u00e1"},"content":{"rendered":"<p><strong>Loxone Touch Pure for Nano<\/strong> je mo\u017en\u00e9 pripoji\u0165 k Loxone Nano IO Air alebo Nano Dimmer Air. Kombinuje <strong>u\u017e\u00edvate\u013esky pr\u00edvetiv\u00fd dizajn<\/strong> s <strong>architektonicky atrakt\u00edvnym a preh\u013eadn\u00fdm vzh\u013eadom<\/strong>. P\u00e4\u0165 dotykov\u00fdch bodov so symbolmi umo\u017e\u0148uje <strong>intuit\u00edvne ovl\u00e1danie centr\u00e1lnych funkci\u00ed <\/strong>miestnosti. Pri ka\u017edom dotyku sa ozve jemn\u00e9 kliknutie, ktor\u00e9 <strong>poskytuje akustick\u00fa sp\u00e4tn\u00fa v\u00e4zbu.<\/strong><\/p>\n<p><strong>Vlastnosti:<\/strong><\/p>\n<ul>\n<li>Ovl\u00e1dac\u00ed prvok pre osvetlenie, tienenie, audio a mnoho \u010fal\u0161ieho<\/li>\n<li>Integrovan\u00e9 orienta\u010dn\u00e9 svetlo pre lep\u0161iu orient\u00e1ciu v tme<\/li>\n<li>Vysoko kvalitn\u00fd vzh\u013ead a pocit<\/li>\n<li>Maxim\u00e1lna u\u017e\u00edvate\u013esk\u00e1 pr\u00edvetivos\u0165<\/li>\n<\/ul>\n","protected":false},"excerpt":{"rendered":"<p><strong>Loxone Touch Pure for Nano<\/strong> je mo\u017en\u00e9 pripoji\u0165 k Loxone Nano IO Air alebo Nano Dimmer Air. Kombinuje <strong>u\u017e\u00edvate\u013esky pr\u00edvetiv\u00fd dizajn<\/strong> s <strong>architektonicky atrakt\u00edvnym a preh\u013eadn\u00fdm vzh\u013eadom<\/strong>. P\u00e4\u0165 dotykov\u00fdch bodov so symbolmi umo\u017e\u0148uje <strong>intuit\u00edvne ovl\u00e1danie centr\u00e1lnych funkci\u00ed <\/strong>miestnosti. Pri ka\u017edom dotyku sa ozve jemn\u00e9 kliknutie, ktor\u00e9 <strong>poskytuje akustick\u00fa sp\u00e4tn\u00fa v\u00e4zbu.<\/strong><\/p>\n<p>&nbsp;<\/p>\n","protected":false},"featured_media":224,"template":"","meta":[],"location":[],"product_brand":[],"product_cat":[359],"product_tag":[],"class_list":{"0":"post-333","1":"product","2":"type-product","3":"status-publish","4":"has-post-thumbnail","6":"product_cat-for-nano","8":"first","9":"instock","10":"sold-individually","11":"taxable","12":"shipping-taxable","13":"purchasable","14":"product-type-simple"},"locations":[],"_links":{"self":[{"href":"https:\/\/loxone.ctw.sk\/index.php\/wp-json\/wp\/v2\/product\/333","targetHints":{"allow":["GET"]}}],"collection":[{"href":"https:\/\/loxone.ctw.sk\/index.php\/wp-json\/wp\/v2\/product"}],"about":[{"href":"https:\/\/loxone.ctw.sk\/index.php\/wp-json\/wp\/v2\/types\/product"}],"wp:featuredmedia":[{"embeddable":true,"href":"https:\/\/loxone.ctw.sk\/index.php\/wp-json\/wp\/v2\/media\/224"}],"wp:attachment":[{"href":"https:\/\/loxone.ctw.sk\/index.php\/wp-json\/wp\/v2\/media?parent=333"}],"wp:term":[{"taxonomy":"location","embeddable":true,"href":"https:\/\/loxone.ctw.sk\/index.php\/wp-json\/wp\/v2\/location?post=333"},{"taxonomy":"product_brand","embeddable":true,"href":"https:\/\/loxone.ctw.sk\/index.php\/wp-json\/wp\/v2\/product_brand?post=333"},{"taxonomy":"product_cat","embeddable":true,"href":"https:\/\/loxone.ctw.sk\/index.php\/wp-json\/wp\/v2\/product_cat?post=333"},{"taxonomy":"product_tag","embeddable":true,"href":"https:\/\/loxone.ctw.sk\/index.php\/wp-json\/wp\/v2\/product_tag?post=333"}],"curies":[{"name":"wp","href":"https:\/\/api.w.org\/{rel}","templated":true}]}}