{"id":339,"date":"2026-01-09T10:26:59","date_gmt":"2026-01-09T09:26:59","guid":{"rendered":"https:\/\/shop.dohlad.info\/index.php\/product\/podomietkovy-zdroj-025a\/"},"modified":"2026-01-09T10:27:08","modified_gmt":"2026-01-09T09:27:08","slug":"podomietkovy-zdroj-025a","status":"publish","type":"product","link":"https:\/\/loxone.ctw.sk\/index.php\/product\/podomietkovy-zdroj-025a\/","title":{"rendered":"Podomietkov\u00fd zdroj 0,25A"},"content":{"rendered":"<p>Ve\u013emi kompaktn\u00fd <strong>Podomietkov\u00fd zdroj<\/strong> 0,25A je ide\u00e1lny pre nap\u00e1janie (24 V DC\/6 W) zariaden\u00ed NFC Code Touch Air, Touch Pure Air a Komfortn\u00e9ho senzora Air a v\u0161etk\u00fdch \u010fal\u0161\u00edch zariaden\u00ed s nap\u00e1jan\u00edm 24V DC.<\/p>\n<p><strong>Technick\u00e9 detaily:<\/strong><\/p>\n<ul>\n<li>\u0160irok\u00fd rozsah vstupn\u00e9ho nap\u00e4tia 90-264 V AC.<\/li>\n<li>V\u00fdstupn\u00e9 nap\u00e4tie: 24 V DC \/ 6 W.<\/li>\n<li>Spotreba pri ne\u010dinnosti: typ 60 mW.<\/li>\n<li>Rozmery: 42,1 mm \u00d7 42,1 mm \u00d7 17,75 mm.<\/li>\n<\/ul>\n","protected":false},"excerpt":{"rendered":"<p>Ve\u013emi kompaktn\u00fd <strong>Podomietkov\u00fd zdroj<\/strong> 0,25A je ide\u00e1lny pre nap\u00e1janie (24 V DC\/6 W) zariaden\u00ed NFC Code Touch Air, Touch Pure Air a Komfortn\u00e9ho senzora Air a v\u0161etk\u00fdch \u010fal\u0161\u00edch zariaden\u00ed s nap\u00e1jan\u00edm 24V DC.<\/p>\n<p><strong>Technick\u00e9 detaily:<\/strong><\/p>\n<ul>\n<li>\u0160irok\u00fd rozsah vstupn\u00e9ho nap\u00e4tia 90-264 V AC.<\/li>\n<li>V\u00fdstupn\u00e9 nap\u00e4tie: 24 V DC \/ 6 W.<\/li>\n<li>Spotreba pri ne\u010dinnosti: typ 60 mW.<\/li>\n<li>Rozmery: 42,1 mm \u00d7 42,1 mm \u00d7 17,75 mm.<\/li>\n<\/ul>\n","protected":false},"featured_media":237,"template":"","meta":[],"location":[],"product_brand":[],"product_cat":[351,352],"product_tag":[],"class_list":{"0":"post-339","1":"product","2":"type-product","3":"status-publish","4":"has-post-thumbnail","6":"product_cat-napajacie_zdroje","7":"product_cat-napajacie-zdroje-prislusenstvo","9":"first","10":"instock","11":"sold-individually","12":"taxable","13":"shipping-taxable","14":"purchasable","15":"product-type-simple"},"locations":[],"_links":{"self":[{"href":"https:\/\/loxone.ctw.sk\/index.php\/wp-json\/wp\/v2\/product\/339","targetHints":{"allow":["GET"]}}],"collection":[{"href":"https:\/\/loxone.ctw.sk\/index.php\/wp-json\/wp\/v2\/product"}],"about":[{"href":"https:\/\/loxone.ctw.sk\/index.php\/wp-json\/wp\/v2\/types\/product"}],"wp:featuredmedia":[{"embeddable":true,"href":"https:\/\/loxone.ctw.sk\/index.php\/wp-json\/wp\/v2\/media\/237"}],"wp:attachment":[{"href":"https:\/\/loxone.ctw.sk\/index.php\/wp-json\/wp\/v2\/media?parent=339"}],"wp:term":[{"taxonomy":"location","embeddable":true,"href":"https:\/\/loxone.ctw.sk\/index.php\/wp-json\/wp\/v2\/location?post=339"},{"taxonomy":"product_brand","embeddable":true,"href":"https:\/\/loxone.ctw.sk\/index.php\/wp-json\/wp\/v2\/product_brand?post=339"},{"taxonomy":"product_cat","embeddable":true,"href":"https:\/\/loxone.ctw.sk\/index.php\/wp-json\/wp\/v2\/product_cat?post=339"},{"taxonomy":"product_tag","embeddable":true,"href":"https:\/\/loxone.ctw.sk\/index.php\/wp-json\/wp\/v2\/product_tag?post=339"}],"curies":[{"name":"wp","href":"https:\/\/api.w.org\/{rel}","templated":true}]}}