{"id":343,"date":"2026-01-09T10:26:59","date_gmt":"2026-01-09T09:26:59","guid":{"rendered":"https:\/\/shop.dohlad.info\/index.php\/product\/elektromer-pre-polopriame-meranie-1-5-a-tree\/"},"modified":"2026-01-09T10:27:14","modified_gmt":"2026-01-09T09:27:14","slug":"elektromer-pre-polopriame-meranie-1-5-a-tree","status":"publish","type":"product","link":"https:\/\/loxone.ctw.sk\/index.php\/product\/elektromer-pre-polopriame-meranie-1-5-a-tree\/","title":{"rendered":"Elektromer pre polopriame meranie 1 &#038; 5 A Tree"},"content":{"rendered":"<p>Tento <strong>kompaktn\u00fd, na DIN li\u0161tu montovan\u00fd, MID certifikovan\u00fd elektromer<\/strong> umo\u017e\u0148uje obojsmern\u00e9 meranie pomocou troch extern\u00fdch pr\u00fadov\u00fdch transform\u00e1torov 1 A alebo 5 A pod\u013ea v\u00e1\u0161ho v\u00fdberu. Pon\u00faka <strong>okam\u017eit\u00fa detekciu v\u00fdpadku nap\u00e1jania<\/strong> a je ide\u00e1lny na <strong>energetick\u00fd management<\/strong> a monitoring v komer\u010dnom a priemyselnom prostred\u00ed.<\/p>\n<\/p>\n<p><strong>Vlastnosti:<\/strong><\/p>\n<\/p>\n<ul>\n<li><strong>Jednoduch\u00e9 nastavenie:<\/strong> plynul\u00e1 integr\u00e1cia cez <strong>Tree<\/strong> \u2013 bez nutnosti konfigur\u00e1cie Modbusu<\/li>\n<li>MID certifik\u00e1cia &amp; ANSI trieda presnosti 0,5<\/li>\n<li>Len 2 modulov\u00e9 jednotky: polovi\u010dn\u00e1 ve\u013ekos\u0165 oproti be\u017en\u00fdm elektromerom<\/li>\n<li><strong>Preh\u013ead spotreby: <\/strong>kontrola n\u00e1kladov a neust\u00e1ly preh\u013ead o vyu\u017eit\u00ed energie<\/li>\n<li>\u017div\u00e9 merania: zachyt\u00e1va aj kr\u00e1tkodob\u00e9 odberov\u00e9 \u0161pi\u010dky s aktualiz\u00e1ciou ka\u017ed\u00fa sekundu<\/li>\n<li><strong>Bezpe\u010dnos\u0165:<\/strong> plne integrovan\u00fd do riadenia za\u0165a\u017eenia<\/li>\n<li><strong>\u00daspora n\u00e1kladov: <\/strong>optimalizovan\u00fd pre energetick\u00fd mana\u017ement v\u010faka \u017eiv\u00e9mu monitoringu<\/li>\n<li><strong>Integrovan\u00fd displej:<\/strong> zobrazuje aktu\u00e1lny v\u00fdkon a celkov\u00fd stav elektromera<\/li>\n<li><strong>Odolnos\u0165 vo\u010di v\u00fdpadku: <\/strong>okam\u017eite deteguje preru\u0161enie nap\u00e1jania v\u010faka dvojit\u00e9mu DC\/AC zdroju<\/li>\n<li><strong>Flexibilita<\/strong>: prisp\u00f4sob\u00ed sa in\u0161tal\u00e1cii \u2013 konfigurovate\u013en\u00e9 prim\u00e1rne pr\u00fady a\u017e do 1999 A (&#64; 1 A sekund\u00e1r), a\u017e do 9999 A (&#64; 5 A sekund\u00e1r)<\/li>\n<li>Obojsmern\u00e9 meranie energie<\/li>\n<\/ul><\/p>\n","protected":false},"excerpt":{"rendered":"<p>Tento <strong>kompaktn\u00fd, na DIN li\u0161tu montovan\u00fd, MID certifikovan\u00fd elektromer<\/strong> umo\u017e\u0148uje obojsmern\u00e9 meranie pomocou troch extern\u00fdch pr\u00fadov\u00fdch transform\u00e1torov 1 A alebo 5 A pod\u013ea v\u00e1\u0161ho v\u00fdberu. Pon\u00faka <strong>okam\u017eit\u00fa detekciu v\u00fdpadku nap\u00e1jania<\/strong> a je ide\u00e1lny na <strong>energetick\u00fd management<\/strong> a monitoring v komer\u010dnom a priemyselnom prostred\u00ed.<\/p>\n<\/p>\n<p><strong>Vlastnosti:<\/strong><\/p>\n<\/p>\n<ul>\n<li><strong>Jednoduch\u00e9 nastavenie:<\/strong> plynul\u00e1 integr\u00e1cia cez <strong>Tree<\/strong> \u2013 bez nutnosti konfigur\u00e1cie Modbusu<\/li>\n<li>MID certifik\u00e1cia &amp; ANSI trieda presnosti 0,5<\/li>\n<li>Len 2 modulov\u00e9 jednotky: polovi\u010dn\u00e1 ve\u013ekos\u0165 oproti be\u017en\u00fdm elektromerom<\/li>\n<li><strong>Preh\u013ead spotreby: <\/strong>kontrola n\u00e1kladov a neust\u00e1ly preh\u013ead o vyu\u017eit\u00ed energie<\/li>\n<li>\u017div\u00e9 merania: zachyt\u00e1va aj kr\u00e1tkodob\u00e9 odberov\u00e9 \u0161pi\u010dky s aktualiz\u00e1ciou ka\u017ed\u00fa sekundu<\/li>\n<li><strong>Bezpe\u010dnos\u0165:<\/strong> plne integrovan\u00fd do riadenia za\u0165a\u017eenia<\/li>\n<li><strong>\u00daspora n\u00e1kladov: <\/strong>optimalizovan\u00fd pre energetick\u00fd mana\u017ement v\u010faka \u017eiv\u00e9mu monitoringu<\/li>\n<li><strong>Integrovan\u00fd displej:<\/strong> zobrazuje aktu\u00e1lny v\u00fdkon a celkov\u00fd stav elektromera<\/li>\n<li><strong>Odolnos\u0165 vo\u010di v\u00fdpadku: <\/strong>okam\u017eite deteguje preru\u0161enie nap\u00e1jania v\u010faka dvojit\u00e9mu DC\/AC zdroju<\/li>\n<li><strong>Flexibilita<\/strong>: prisp\u00f4sob\u00ed sa in\u0161tal\u00e1cii \u2013 konfigurovate\u013en\u00e9 prim\u00e1rne pr\u00fady a\u017e do 1999 A (&#64; 1 A sekund\u00e1r), a\u017e do 9999 A (&#64; 5 A sekund\u00e1r)<\/li>\n<li>Obojsmern\u00e9 meranie energie<\/li>\n<\/ul><\/p>\n","protected":false},"featured_media":247,"template":"","meta":[],"location":[],"product_brand":[],"product_cat":[340,339],"product_tag":[],"class_list":{"0":"post-343","1":"product","2":"type-product","3":"status-publish","4":"has-post-thumbnail","6":"product_cat-tree-energie","7":"product_cat-elektromer","9":"first","10":"instock","11":"sold-individually","12":"taxable","13":"shipping-taxable","14":"purchasable","15":"product-type-simple"},"locations":[],"_links":{"self":[{"href":"https:\/\/loxone.ctw.sk\/index.php\/wp-json\/wp\/v2\/product\/343","targetHints":{"allow":["GET"]}}],"collection":[{"href":"https:\/\/loxone.ctw.sk\/index.php\/wp-json\/wp\/v2\/product"}],"about":[{"href":"https:\/\/loxone.ctw.sk\/index.php\/wp-json\/wp\/v2\/types\/product"}],"wp:featuredmedia":[{"embeddable":true,"href":"https:\/\/loxone.ctw.sk\/index.php\/wp-json\/wp\/v2\/media\/247"}],"wp:attachment":[{"href":"https:\/\/loxone.ctw.sk\/index.php\/wp-json\/wp\/v2\/media?parent=343"}],"wp:term":[{"taxonomy":"location","embeddable":true,"href":"https:\/\/loxone.ctw.sk\/index.php\/wp-json\/wp\/v2\/location?post=343"},{"taxonomy":"product_brand","embeddable":true,"href":"https:\/\/loxone.ctw.sk\/index.php\/wp-json\/wp\/v2\/product_brand?post=343"},{"taxonomy":"product_cat","embeddable":true,"href":"https:\/\/loxone.ctw.sk\/index.php\/wp-json\/wp\/v2\/product_cat?post=343"},{"taxonomy":"product_tag","embeddable":true,"href":"https:\/\/loxone.ctw.sk\/index.php\/wp-json\/wp\/v2\/product_tag?post=343"}],"curies":[{"name":"wp","href":"https:\/\/api.w.org\/{rel}","templated":true}]}}