{"id":368,"date":"2026-01-09T10:27:33","date_gmt":"2026-01-09T09:27:33","guid":{"rendered":"https:\/\/shop.dohlad.info\/index.php\/product\/drziak-na-znacky-pre-ppv8-prv8-20-kusov\/"},"modified":"2026-01-09T10:27:41","modified_gmt":"2026-01-09T09:27:41","slug":"drziak-na-znacky-pre-ppv8-prv8-20-kusov","status":"publish","type":"product","link":"https:\/\/loxone.ctw.sk\/index.php\/product\/drziak-na-znacky-pre-ppv8-prv8-20-kusov\/","title":{"rendered":"Dr\u017eiak na zna\u010dky pre PPV8\/PRV8 (20 kusov)"},"content":{"rendered":"<p>Dr\u017eiak na zna\u010dky na prepojovac\u00ed rozv\u00e1dza\u010d a svorky.<\/p>\n<ul>\n<li>Balenie 20 kusov.<\/li>\n<li>Typ: BZT PRV8 SW 35X7.5<\/li>\n<li>\u010c\u00edslo produktu v\u00fdrobcu: 1173580000<\/li>\n<\/ul>\n","protected":false},"excerpt":{"rendered":"<p>Dr\u017eiak na zna\u010dky na prepojovac\u00ed rozv\u00e1dza\u010d a svorky.<\/p>\n<ul>\n<li>Balenie 20 kusov.<\/li>\n<li>Typ: BZT PRV8 SW 35X7.5<\/li>\n<li>\u010c\u00edslo produktu v\u00fdrobcu: 1173580000<\/li>\n<\/ul>\n","protected":false},"featured_media":369,"template":"","meta":[],"location":[],"product_brand":[],"product_cat":[342],"product_tag":[],"class_list":{"0":"post-368","1":"product","2":"type-product","3":"status-publish","4":"has-post-thumbnail","6":"product_cat-kabelaz","8":"first","9":"instock","10":"sold-individually","11":"taxable","12":"shipping-taxable","13":"purchasable","14":"product-type-simple"},"locations":[],"_links":{"self":[{"href":"https:\/\/loxone.ctw.sk\/index.php\/wp-json\/wp\/v2\/product\/368","targetHints":{"allow":["GET"]}}],"collection":[{"href":"https:\/\/loxone.ctw.sk\/index.php\/wp-json\/wp\/v2\/product"}],"about":[{"href":"https:\/\/loxone.ctw.sk\/index.php\/wp-json\/wp\/v2\/types\/product"}],"wp:featuredmedia":[{"embeddable":true,"href":"https:\/\/loxone.ctw.sk\/index.php\/wp-json\/wp\/v2\/media\/369"}],"wp:attachment":[{"href":"https:\/\/loxone.ctw.sk\/index.php\/wp-json\/wp\/v2\/media?parent=368"}],"wp:term":[{"taxonomy":"location","embeddable":true,"href":"https:\/\/loxone.ctw.sk\/index.php\/wp-json\/wp\/v2\/location?post=368"},{"taxonomy":"product_brand","embeddable":true,"href":"https:\/\/loxone.ctw.sk\/index.php\/wp-json\/wp\/v2\/product_brand?post=368"},{"taxonomy":"product_cat","embeddable":true,"href":"https:\/\/loxone.ctw.sk\/index.php\/wp-json\/wp\/v2\/product_cat?post=368"},{"taxonomy":"product_tag","embeddable":true,"href":"https:\/\/loxone.ctw.sk\/index.php\/wp-json\/wp\/v2\/product_tag?post=368"}],"curies":[{"name":"wp","href":"https:\/\/api.w.org\/{rel}","templated":true}]}}