{"id":374,"date":"2026-01-09T10:27:33","date_gmt":"2026-01-09T09:27:33","guid":{"rendered":"https:\/\/shop.dohlad.info\/index.php\/product\/popis-pre-svorkovnice-dek-1-50-50-ks\/"},"modified":"2026-01-09T10:27:45","modified_gmt":"2026-01-09T09:27:45","slug":"popis-pre-svorkovnice-dek-1-50-50-ks","status":"publish","type":"product","link":"https:\/\/loxone.ctw.sk\/index.php\/product\/popis-pre-svorkovnice-dek-1-50-50-ks\/","title":{"rendered":"Popis pre svorkovnice DEK 1-50 (50 ks)"},"content":{"rendered":"<p>Popisky pre svorkovnice s\u00fa k dispoz\u00edcii v \u010d\u00edseln\u00fdch radoch od 1\u2013\u2060\u2060\u2060\u2060\u2060\u206050 a 51\u2013\u2060\u2060\u2060\u2060\u2060\u2060100. Daj\u00fa sa pripevni\u0165 na v\u0161etko pr\u00edslu\u0161enstvo od v\u00fdrobcu Weidm\u00fcller.<\/p>\n<ul>\n<li>Balenie 10 kariet po 50 kusoch.<\/li>\n<li>Typ: DEK 5 FW 1\u2013\u2060\u2060\u2060\u2060\u2060\u206050 alebo DEK 5 FW 51\u2013\u2060\u2060\u2060\u2060\u2060\u2060100.<\/li>\n<li>\u010c\u00edslo polo\u017eky v\u00fdrobcu: 473460001 alebo 473460051.<\/li>\n<\/ul>\n","protected":false},"excerpt":{"rendered":"<p>Popisky pre svorkovnice s\u00fa k dispoz\u00edcii v \u010d\u00edseln\u00fdch radoch od 1\u2013\u2060\u2060\u2060\u2060\u2060\u206050 a 51\u2013\u2060\u2060\u2060\u2060\u2060\u2060100. Daj\u00fa sa pripevni\u0165 na v\u0161etko pr\u00edslu\u0161enstvo od v\u00fdrobcu Weidm\u00fcller.<\/p>\n<ul>\n<li>Balenie 10 kariet po 50 kusoch.<\/li>\n<li>Typ: DEK 5 FW 1\u2013\u2060\u2060\u2060\u2060\u2060\u206050 alebo DEK 5 FW 51\u2013\u2060\u2060\u2060\u2060\u2060\u2060100.<\/li>\n<li>\u010c\u00edslo polo\u017eky v\u00fdrobcu: 473460001 alebo 473460051.<\/li>\n<\/ul>\n","protected":false},"featured_media":375,"template":"","meta":[],"location":[],"product_brand":[],"product_cat":[342],"product_tag":[],"class_list":{"0":"post-374","1":"product","2":"type-product","3":"status-publish","4":"has-post-thumbnail","6":"product_cat-kabelaz","8":"first","9":"instock","10":"sold-individually","11":"taxable","12":"shipping-taxable","13":"purchasable","14":"product-type-simple"},"locations":[],"_links":{"self":[{"href":"https:\/\/loxone.ctw.sk\/index.php\/wp-json\/wp\/v2\/product\/374","targetHints":{"allow":["GET"]}}],"collection":[{"href":"https:\/\/loxone.ctw.sk\/index.php\/wp-json\/wp\/v2\/product"}],"about":[{"href":"https:\/\/loxone.ctw.sk\/index.php\/wp-json\/wp\/v2\/types\/product"}],"wp:featuredmedia":[{"embeddable":true,"href":"https:\/\/loxone.ctw.sk\/index.php\/wp-json\/wp\/v2\/media\/375"}],"wp:attachment":[{"href":"https:\/\/loxone.ctw.sk\/index.php\/wp-json\/wp\/v2\/media?parent=374"}],"wp:term":[{"taxonomy":"location","embeddable":true,"href":"https:\/\/loxone.ctw.sk\/index.php\/wp-json\/wp\/v2\/location?post=374"},{"taxonomy":"product_brand","embeddable":true,"href":"https:\/\/loxone.ctw.sk\/index.php\/wp-json\/wp\/v2\/product_brand?post=374"},{"taxonomy":"product_cat","embeddable":true,"href":"https:\/\/loxone.ctw.sk\/index.php\/wp-json\/wp\/v2\/product_cat?post=374"},{"taxonomy":"product_tag","embeddable":true,"href":"https:\/\/loxone.ctw.sk\/index.php\/wp-json\/wp\/v2\/product_tag?post=374"}],"curies":[{"name":"wp","href":"https:\/\/api.w.org\/{rel}","templated":true}]}}