{"id":384,"date":"2026-01-09T10:27:33","date_gmt":"2026-01-09T09:27:33","guid":{"rendered":"https:\/\/shop.dohlad.info\/index.php\/product\/cr2032-lithium-battery-5-ks\/"},"modified":"2026-01-09T10:27:52","modified_gmt":"2026-01-09T09:27:52","slug":"cr2032-lithium-battery-5-ks","status":"publish","type":"product","link":"https:\/\/loxone.ctw.sk\/index.php\/product\/cr2032-lithium-battery-5-ks\/","title":{"rendered":"CR2032 Lithium Battery (5 ks)"},"content":{"rendered":"<p>S dlhou v\u00fddr\u017eou s\u00fa gomb\u00edkov\u00e9 bat\u00e9rie typu CR2032 ide\u00e1lne pre <strong>spo\u013eahliv\u00e9 nap\u00e1janie<\/strong> Remote Mini Air. Balenie obsahuje 5 kusov.<\/p>\n","protected":false},"excerpt":{"rendered":"<p>S dlhou v\u00fddr\u017eou s\u00fa gomb\u00edkov\u00e9 bat\u00e9rie typu CR2032 ide\u00e1lne pre <strong>spo\u013eahliv\u00e9 nap\u00e1janie<\/strong> Remote Mini Air. Balenie obsahuje 5 kusov.<\/p>\n","protected":false},"featured_media":385,"template":"","meta":[],"location":[],"product_brand":[],"product_cat":[370],"product_tag":[],"class_list":{"0":"post-384","1":"product","2":"type-product","3":"status-publish","4":"has-post-thumbnail","6":"product_cat-baterie","8":"first","9":"instock","10":"sold-individually","11":"taxable","12":"shipping-taxable","13":"purchasable","14":"product-type-simple"},"locations":[],"_links":{"self":[{"href":"https:\/\/loxone.ctw.sk\/index.php\/wp-json\/wp\/v2\/product\/384","targetHints":{"allow":["GET"]}}],"collection":[{"href":"https:\/\/loxone.ctw.sk\/index.php\/wp-json\/wp\/v2\/product"}],"about":[{"href":"https:\/\/loxone.ctw.sk\/index.php\/wp-json\/wp\/v2\/types\/product"}],"wp:featuredmedia":[{"embeddable":true,"href":"https:\/\/loxone.ctw.sk\/index.php\/wp-json\/wp\/v2\/media\/385"}],"wp:attachment":[{"href":"https:\/\/loxone.ctw.sk\/index.php\/wp-json\/wp\/v2\/media?parent=384"}],"wp:term":[{"taxonomy":"location","embeddable":true,"href":"https:\/\/loxone.ctw.sk\/index.php\/wp-json\/wp\/v2\/location?post=384"},{"taxonomy":"product_brand","embeddable":true,"href":"https:\/\/loxone.ctw.sk\/index.php\/wp-json\/wp\/v2\/product_brand?post=384"},{"taxonomy":"product_cat","embeddable":true,"href":"https:\/\/loxone.ctw.sk\/index.php\/wp-json\/wp\/v2\/product_cat?post=384"},{"taxonomy":"product_tag","embeddable":true,"href":"https:\/\/loxone.ctw.sk\/index.php\/wp-json\/wp\/v2\/product_tag?post=384"}],"curies":[{"name":"wp","href":"https:\/\/api.w.org\/{rel}","templated":true}]}}