{"id":407,"date":"2026-01-09T10:28:08","date_gmt":"2026-01-09T09:28:08","guid":{"rendered":"https:\/\/shop.dohlad.info\/index.php\/product\/poistkova-svorka-weidmuller-afs-50-ks\/"},"modified":"2026-01-09T10:28:10","modified_gmt":"2026-01-09T09:28:10","slug":"poistkova-svorka-weidmuller-afs-50-ks","status":"publish","type":"product","link":"https:\/\/loxone.ctw.sk\/index.php\/product\/poistkova-svorka-weidmuller-afs-50-ks\/","title":{"rendered":"Poistkov\u00e1 svorka Weidm\u00fcller AFS (50 ks)"},"content":{"rendered":"<p>Poistkov\u00e1 svorkovnica na istenie 24 V. Ide\u00e1lna na <strong>ochranu<\/strong> vedenia n\u00edzkeho nap\u00e4tia. Menovit\u00fd prierez 4mm2. S pripojen\u00edm \u0165a\u017enej pru\u017einy a na <strong>priamu mont\u00e1\u017e<\/strong>. V na\u0161om sortimente n\u00e1jdete aj vhodn\u00e9 kr\u00ed\u017eov\u00e9 konektory.<\/p>\n<ul>\n<li>Balenie 20 kusov.<\/li>\n<li>Typ: AFS 2.5 CF 2C BK.<\/li>\n<li>\u010c\u00edslo polo\u017eky v\u00fdrobcu : 2466530000.<\/li>\n<\/ul>\n<div class=\"product-detail-item product-detail\">\n<div class=\"row\">\n<div class=\"col-md-9\">\n<div class=\"product-detail-content\">\u00a0<\/div>\n<\/div>\n<\/div>\n<\/div>\n<div class=\"product-detail-item product- technick\u00e9-\u00fadaje\">\n<div class=\"row\">\n<div class=\"col-md-3\">\u00a0<\/div>\n<\/div>\n<\/div>\n","protected":false},"excerpt":{"rendered":"<p>Poistkov\u00e1 svorkovnica na istenie 24 V. Ide\u00e1lna na <strong>ochranu<\/strong> vedenia n\u00edzkeho nap\u00e4tia. Menovit\u00fd prierez 4mm2. S pripojen\u00edm \u0165a\u017enej pru\u017einy a na <strong>priamu mont\u00e1\u017e<\/strong>. V na\u0161om sortimente n\u00e1jdete aj vhodn\u00e9 kr\u00ed\u017eov\u00e9 konektory.<\/p>\n<ul>\n<li>Balenie 20 kusov.<\/li>\n<li>Typ: AFS 2.5 CF 2C BK.<\/li>\n<li>\u010c\u00edslo polo\u017eky v\u00fdrobcu : 2466530000.<\/li>\n<\/ul>\n<div class=\"product-detail-item product-detail\">\n<div class=\"row\">\n<div class=\"col-md-9\">\n<div class=\"product-detail-content\">\u00a0<\/div>\n<\/div>\n<\/div>\n<\/div>\n<div class=\"product-detail-item product- technick\u00e9-\u00fadaje\">\n<div class=\"row\">\n<div class=\"col-md-3\">\u00a0<\/div>\n<\/div>\n<\/div>\n","protected":false},"featured_media":408,"template":"","meta":[],"location":[],"product_brand":[],"product_cat":[342],"product_tag":[],"class_list":{"0":"post-407","1":"product","2":"type-product","3":"status-publish","4":"has-post-thumbnail","6":"product_cat-kabelaz","8":"first","9":"instock","10":"sold-individually","11":"taxable","12":"shipping-taxable","13":"purchasable","14":"product-type-simple"},"locations":[],"_links":{"self":[{"href":"https:\/\/loxone.ctw.sk\/index.php\/wp-json\/wp\/v2\/product\/407","targetHints":{"allow":["GET"]}}],"collection":[{"href":"https:\/\/loxone.ctw.sk\/index.php\/wp-json\/wp\/v2\/product"}],"about":[{"href":"https:\/\/loxone.ctw.sk\/index.php\/wp-json\/wp\/v2\/types\/product"}],"wp:featuredmedia":[{"embeddable":true,"href":"https:\/\/loxone.ctw.sk\/index.php\/wp-json\/wp\/v2\/media\/408"}],"wp:attachment":[{"href":"https:\/\/loxone.ctw.sk\/index.php\/wp-json\/wp\/v2\/media?parent=407"}],"wp:term":[{"taxonomy":"location","embeddable":true,"href":"https:\/\/loxone.ctw.sk\/index.php\/wp-json\/wp\/v2\/location?post=407"},{"taxonomy":"product_brand","embeddable":true,"href":"https:\/\/loxone.ctw.sk\/index.php\/wp-json\/wp\/v2\/product_brand?post=407"},{"taxonomy":"product_cat","embeddable":true,"href":"https:\/\/loxone.ctw.sk\/index.php\/wp-json\/wp\/v2\/product_cat?post=407"},{"taxonomy":"product_tag","embeddable":true,"href":"https:\/\/loxone.ctw.sk\/index.php\/wp-json\/wp\/v2\/product_tag?post=407"}],"curies":[{"name":"wp","href":"https:\/\/api.w.org\/{rel}","templated":true}]}}