{"id":447,"date":"2026-01-09T10:28:08","date_gmt":"2026-01-09T09:28:08","guid":{"rendered":"https:\/\/shop.dohlad.info\/index.php\/product\/zasuvna-svorka-zelena-20-pinova\/"},"modified":"2026-01-09T10:28:26","modified_gmt":"2026-01-09T09:28:26","slug":"zasuvna-svorka-zelena-20-pinova","status":"publish","type":"product","link":"https:\/\/loxone.ctw.sk\/index.php\/product\/zasuvna-svorka-zelena-20-pinova\/","title":{"rendered":"Z\u00e1suvn\u00e1 svorka zelen\u00e1 20-pinov\u00e1"},"content":{"rendered":"<p>N\u00e1hradn\u00e1 z\u00e1suvn\u00e1 svorka zelen\u00e1 20-pinov\u00e1 pre DI Extension (1 ks).<\/p>\n","protected":false},"excerpt":{"rendered":"<p>N\u00e1hradn\u00e1 z\u00e1suvn\u00e1 svorka zelen\u00e1 20-pinov\u00e1 pre DI Extension (1 ks).<\/p>\n","protected":false},"featured_media":448,"template":"","meta":[],"location":[],"product_brand":[],"product_cat":[360],"product_tag":[],"class_list":{"0":"post-447","1":"product","2":"type-product","3":"status-publish","4":"has-post-thumbnail","6":"product_cat-nahradne-diely","8":"first","9":"instock","10":"sold-individually","11":"taxable","12":"shipping-taxable","13":"purchasable","14":"product-type-simple"},"locations":[],"_links":{"self":[{"href":"https:\/\/loxone.ctw.sk\/index.php\/wp-json\/wp\/v2\/product\/447","targetHints":{"allow":["GET"]}}],"collection":[{"href":"https:\/\/loxone.ctw.sk\/index.php\/wp-json\/wp\/v2\/product"}],"about":[{"href":"https:\/\/loxone.ctw.sk\/index.php\/wp-json\/wp\/v2\/types\/product"}],"wp:featuredmedia":[{"embeddable":true,"href":"https:\/\/loxone.ctw.sk\/index.php\/wp-json\/wp\/v2\/media\/448"}],"wp:attachment":[{"href":"https:\/\/loxone.ctw.sk\/index.php\/wp-json\/wp\/v2\/media?parent=447"}],"wp:term":[{"taxonomy":"location","embeddable":true,"href":"https:\/\/loxone.ctw.sk\/index.php\/wp-json\/wp\/v2\/location?post=447"},{"taxonomy":"product_brand","embeddable":true,"href":"https:\/\/loxone.ctw.sk\/index.php\/wp-json\/wp\/v2\/product_brand?post=447"},{"taxonomy":"product_cat","embeddable":true,"href":"https:\/\/loxone.ctw.sk\/index.php\/wp-json\/wp\/v2\/product_cat?post=447"},{"taxonomy":"product_tag","embeddable":true,"href":"https:\/\/loxone.ctw.sk\/index.php\/wp-json\/wp\/v2\/product_tag?post=447"}],"curies":[{"name":"wp","href":"https:\/\/api.w.org\/{rel}","templated":true}]}}