{"id":470,"date":"2026-01-09T10:28:08","date_gmt":"2026-01-09T09:28:08","guid":{"rendered":"https:\/\/shop.dohlad.info\/index.php\/product\/prilozny-led-spot-ww-pwm-biela\/"},"modified":"2026-02-10T00:25:22","modified_gmt":"2026-02-09T23:25:22","slug":"prilozny-led-spot-ww-pwm-biela","status":"publish","type":"product","link":"https:\/\/loxone.ctw.sk\/index.php\/product\/prilozny-led-spot-ww-pwm-biela\/","title":{"rendered":"Pr\u00edlo\u017en\u00fd LED Spot WW PWM biela"},"content":{"rendered":"<p>Pr\u00edlo\u017en\u00fd LED Spot WW PWM disponuje\u00a0<strong>tepl\u00fdm bielym svetlom<\/strong>. Na stmievanie je potrebn\u00e9 doda\u0165 <strong>PWM Dimmer.<\/strong> Monta\u017en\u00e9 magnety zaru\u010duj\u00fa jednoduch\u00fa in\u0161tal\u00e1ciu. \u017divotnos\u0165 svietidla je viac ako 25 000 prev\u00e1dzkov\u00fdch hod\u00edn.<\/p>\n","protected":false},"excerpt":{"rendered":"<p>Pr\u00edlo\u017en\u00fd LED Spot WW PWM disponuje\u00a0<strong>tepl\u00fdm bielym svetlom<\/strong>. Na stmievanie je potrebn\u00e9 doda\u0165 <strong>PWM Dimmer.<\/strong><\/p>\n","protected":false},"featured_media":1825,"template":"","meta":[],"location":[],"product_brand":[],"product_cat":[355],"product_tag":[],"class_list":{"0":"post-470","1":"product","2":"type-product","3":"status-publish","4":"has-post-thumbnail","6":"product_cat-pwm","8":"first","9":"instock","10":"sold-individually","11":"taxable","12":"shipping-taxable","13":"purchasable","14":"product-type-simple"},"locations":[],"_links":{"self":[{"href":"https:\/\/loxone.ctw.sk\/index.php\/wp-json\/wp\/v2\/product\/470","targetHints":{"allow":["GET"]}}],"collection":[{"href":"https:\/\/loxone.ctw.sk\/index.php\/wp-json\/wp\/v2\/product"}],"about":[{"href":"https:\/\/loxone.ctw.sk\/index.php\/wp-json\/wp\/v2\/types\/product"}],"wp:featuredmedia":[{"embeddable":true,"href":"https:\/\/loxone.ctw.sk\/index.php\/wp-json\/wp\/v2\/media\/1825"}],"wp:attachment":[{"href":"https:\/\/loxone.ctw.sk\/index.php\/wp-json\/wp\/v2\/media?parent=470"}],"wp:term":[{"taxonomy":"location","embeddable":true,"href":"https:\/\/loxone.ctw.sk\/index.php\/wp-json\/wp\/v2\/location?post=470"},{"taxonomy":"product_brand","embeddable":true,"href":"https:\/\/loxone.ctw.sk\/index.php\/wp-json\/wp\/v2\/product_brand?post=470"},{"taxonomy":"product_cat","embeddable":true,"href":"https:\/\/loxone.ctw.sk\/index.php\/wp-json\/wp\/v2\/product_cat?post=470"},{"taxonomy":"product_tag","embeddable":true,"href":"https:\/\/loxone.ctw.sk\/index.php\/wp-json\/wp\/v2\/product_tag?post=470"}],"curies":[{"name":"wp","href":"https:\/\/api.w.org\/{rel}","templated":true}]}}