{"id":504,"date":"2026-01-09T10:28:41","date_gmt":"2026-01-09T09:28:41","guid":{"rendered":"https:\/\/shop.dohlad.info\/index.php\/product\/install-speaker-7-master\/"},"modified":"2026-02-08T23:29:34","modified_gmt":"2026-02-08T22:29:34","slug":"install-speaker-7-master","status":"publish","type":"product","link":"https:\/\/loxone.ctw.sk\/index.php\/product\/install-speaker-7-master\/","title":{"rendered":"Install Speaker 7 Master"},"content":{"rendered":"<p>Install Speaker 7 Master zaujme svojimi <strong>vynikaj\u00facimi zvukov\u00fdmi vlastnos\u0165ami a rozmanitos\u0165ou vyu\u017eitia<\/strong>. Prip\u00e1ja sa priamo k Audioserveru alebo Miniserveru Compact prostredn\u00edctvom Tree Turbo a m\u00f4\u017ee pren\u00e1\u0161a\u0165 zvukov\u00fd sign\u00e1l do re\u0165azca a\u017e 20 reproduktorov Client. Tvor\u00ed tak flexibiln\u00e9 audio rie\u0161enie \u0161k\u00e1lovate\u013en\u00e9 pre budovy v\u0161etk\u00fdch ve\u013ekost\u00ed.<\/p>\n<p><strong>Vlastnosti:<\/strong><\/p>\n<ul>\n<li>Nespo\u010detn\u00e9 mno\u017estvo funkci\u00ed, ako je prevod textu na re\u010d (Text-to-Speech), zvon\u010dek, alarmy alebo zvukov\u00e9 upozornenia.<\/li>\n<li>Streamovanie hudby cez Bluetooth.<\/li>\n<li>D\u013a\u017eka k\u00e1bla a\u017e 150 m (Tree Turbo\/ Master Speaker).<\/li>\n<li>Vhodn\u00fd pre vn\u00fatorn\u00e9 a chr\u00e1nen\u00e9 vonkaj\u0161ie priestory.<\/li>\n<\/ul>\n","protected":false},"excerpt":{"rendered":"<p>Install Speaker 7 Master zaujme svojimi <strong>vynikaj\u00facimi zvukov\u00fdmi vlastnos\u0165ami a rozmanitos\u0165ou vyu\u017eitia<\/strong>. Prip\u00e1ja sa priamo k Audioserveru alebo Miniserveru Compact prostredn\u00edctvom Tree Turbo a m\u00f4\u017ee pren\u00e1\u0161a\u0165 zvukov\u00fd sign\u00e1l do re\u0165azca a\u017e 20 reproduktorov Client. Tvor\u00ed tak flexibiln\u00e9 audio rie\u0161enie \u0161k\u00e1lovate\u013en\u00e9 pre budovy v\u0161etk\u00fdch ve\u013ekost\u00ed.<\/p>\n","protected":false},"featured_media":1830,"template":"","meta":[],"location":[],"product_brand":[],"product_cat":[334],"product_tag":[],"class_list":{"0":"post-504","1":"product","2":"type-product","3":"status-publish","4":"has-post-thumbnail","6":"product_cat-aktivne-reproduktory","8":"first","9":"instock","10":"sold-individually","11":"taxable","12":"shipping-taxable","13":"purchasable","14":"product-type-simple"},"locations":[],"_links":{"self":[{"href":"https:\/\/loxone.ctw.sk\/index.php\/wp-json\/wp\/v2\/product\/504","targetHints":{"allow":["GET"]}}],"collection":[{"href":"https:\/\/loxone.ctw.sk\/index.php\/wp-json\/wp\/v2\/product"}],"about":[{"href":"https:\/\/loxone.ctw.sk\/index.php\/wp-json\/wp\/v2\/types\/product"}],"wp:featuredmedia":[{"embeddable":true,"href":"https:\/\/loxone.ctw.sk\/index.php\/wp-json\/wp\/v2\/media\/1830"}],"wp:attachment":[{"href":"https:\/\/loxone.ctw.sk\/index.php\/wp-json\/wp\/v2\/media?parent=504"}],"wp:term":[{"taxonomy":"location","embeddable":true,"href":"https:\/\/loxone.ctw.sk\/index.php\/wp-json\/wp\/v2\/location?post=504"},{"taxonomy":"product_brand","embeddable":true,"href":"https:\/\/loxone.ctw.sk\/index.php\/wp-json\/wp\/v2\/product_brand?post=504"},{"taxonomy":"product_cat","embeddable":true,"href":"https:\/\/loxone.ctw.sk\/index.php\/wp-json\/wp\/v2\/product_cat?post=504"},{"taxonomy":"product_tag","embeddable":true,"href":"https:\/\/loxone.ctw.sk\/index.php\/wp-json\/wp\/v2\/product_tag?post=504"}],"curies":[{"name":"wp","href":"https:\/\/api.w.org\/{rel}","templated":true}]}}