{"id":512,"date":"2026-01-09T10:28:41","date_gmt":"2026-01-09T09:28:41","guid":{"rendered":"https:\/\/shop.dohlad.info\/index.php\/product\/miniserver-go\/"},"modified":"2026-02-08T14:35:20","modified_gmt":"2026-02-08T13:35:20","slug":"miniserver-go","status":"publish","type":"product","link":"https:\/\/loxone.ctw.sk\/index.php\/product\/miniserver-go\/","title":{"rendered":"Miniserver Go"},"content":{"rendered":"<p>Najflexibilnej\u0161ia mo\u017enos\u0165 pre automatiz\u00e1ciu budov. Miniserver Go je najlep\u0161ou vo\u013ebou pre rekon\u0161trukcie a renov\u00e1cie.<\/p>\n<p><strong>Vlastnosti:<\/strong><\/p>\n<ul>\n<li>Loxone Air: a\u017e 128 zariaden\u00ed Air.<\/li>\n<li>Loxone Link: a\u017e 30 Extensionov.<\/li>\n<\/ul>\n","protected":false},"excerpt":{"rendered":"<p>Najflexibilnej\u0161ia mo\u017enos\u0165 pre automatiz\u00e1ciu budov. Miniserver Go je najlep\u0161ou vo\u013ebou pre rekon\u0161trukcie a renov\u00e1cie.<\/p>\n","protected":false},"featured_media":513,"template":"","meta":[],"location":[],"product_brand":[],"product_cat":[375],"product_tag":[],"class_list":{"0":"post-512","1":"product","2":"type-product","3":"status-publish","4":"has-post-thumbnail","6":"product_cat-miniserver-miniserver","8":"first","9":"instock","10":"sold-individually","11":"taxable","12":"shipping-taxable","13":"purchasable","14":"product-type-simple"},"locations":[],"_links":{"self":[{"href":"https:\/\/loxone.ctw.sk\/index.php\/wp-json\/wp\/v2\/product\/512","targetHints":{"allow":["GET"]}}],"collection":[{"href":"https:\/\/loxone.ctw.sk\/index.php\/wp-json\/wp\/v2\/product"}],"about":[{"href":"https:\/\/loxone.ctw.sk\/index.php\/wp-json\/wp\/v2\/types\/product"}],"wp:featuredmedia":[{"embeddable":true,"href":"https:\/\/loxone.ctw.sk\/index.php\/wp-json\/wp\/v2\/media\/513"}],"wp:attachment":[{"href":"https:\/\/loxone.ctw.sk\/index.php\/wp-json\/wp\/v2\/media?parent=512"}],"wp:term":[{"taxonomy":"location","embeddable":true,"href":"https:\/\/loxone.ctw.sk\/index.php\/wp-json\/wp\/v2\/location?post=512"},{"taxonomy":"product_brand","embeddable":true,"href":"https:\/\/loxone.ctw.sk\/index.php\/wp-json\/wp\/v2\/product_brand?post=512"},{"taxonomy":"product_cat","embeddable":true,"href":"https:\/\/loxone.ctw.sk\/index.php\/wp-json\/wp\/v2\/product_cat?post=512"},{"taxonomy":"product_tag","embeddable":true,"href":"https:\/\/loxone.ctw.sk\/index.php\/wp-json\/wp\/v2\/product_tag?post=512"}],"curies":[{"name":"wp","href":"https:\/\/api.w.org\/{rel}","templated":true}]}}