{"id":581,"date":"2026-01-09T10:29:14","date_gmt":"2026-01-09T09:29:14","guid":{"rendered":"https:\/\/shop.dohlad.info\/index.php\/product\/rs485-extension\/"},"modified":"2026-02-10T00:09:02","modified_gmt":"2026-02-09T23:09:02","slug":"rs485-extension","status":"publish","type":"product","link":"https:\/\/loxone.ctw.sk\/index.php\/product\/rs485-extension\/","title":{"rendered":"RS485 Extension"},"content":{"rendered":"<p>RS485 Extension umo\u017e\u0148uje ovl\u00e1danie r\u00f4znych zariaden\u00ed s <strong>rozhran\u00edm RS485<\/strong>, ako s\u00fa klimatiz\u00e1cia, ventil\u00e1cia, syst\u00e9my odtla\u010dkov prstov a \u010fal\u0161ie.<\/p>\n<p><strong>Vlastnosti:<\/strong><\/p>\n<ul>\n<li>Pre integr\u00e1ciu maxim\u00e1lne 32 zariaden\u00ed.<\/li>\n<li>Max. d\u013a\u017eka k\u00e1bla 1200 m.<\/li>\n<li>Nastavite\u013en\u00e1 prenosov\u00e1 r\u00fdchlos\u0165 a parita.<\/li>\n<\/ul>\n","protected":false},"excerpt":{"rendered":"<p>RS485 Extension umo\u017e\u0148uje ovl\u00e1danie r\u00f4znych zariaden\u00ed s <strong>rozhran\u00edm RS485<\/strong>, ako s\u00fa klimatiz\u00e1cia, ventil\u00e1cia, syst\u00e9my odtla\u010dkov prstov a \u010fal\u0161ie.<\/p>\n","protected":false},"featured_media":1837,"template":"","meta":[],"location":[],"product_brand":[],"product_cat":[365,366,348,380],"product_tag":[],"class_list":{"0":"post-581","1":"product","2":"type-product","3":"status-publish","4":"has-post-thumbnail","6":"product_cat-link","7":"product_cat-2-deliace-jednotky","8":"product_cat-klima","9":"product_cat-link-klima-tienenie","11":"first","12":"instock","13":"sold-individually","14":"taxable","15":"shipping-taxable","16":"purchasable","17":"product-type-simple"},"locations":[],"_links":{"self":[{"href":"https:\/\/loxone.ctw.sk\/index.php\/wp-json\/wp\/v2\/product\/581","targetHints":{"allow":["GET"]}}],"collection":[{"href":"https:\/\/loxone.ctw.sk\/index.php\/wp-json\/wp\/v2\/product"}],"about":[{"href":"https:\/\/loxone.ctw.sk\/index.php\/wp-json\/wp\/v2\/types\/product"}],"wp:featuredmedia":[{"embeddable":true,"href":"https:\/\/loxone.ctw.sk\/index.php\/wp-json\/wp\/v2\/media\/1837"}],"wp:attachment":[{"href":"https:\/\/loxone.ctw.sk\/index.php\/wp-json\/wp\/v2\/media?parent=581"}],"wp:term":[{"taxonomy":"location","embeddable":true,"href":"https:\/\/loxone.ctw.sk\/index.php\/wp-json\/wp\/v2\/location?post=581"},{"taxonomy":"product_brand","embeddable":true,"href":"https:\/\/loxone.ctw.sk\/index.php\/wp-json\/wp\/v2\/product_brand?post=581"},{"taxonomy":"product_cat","embeddable":true,"href":"https:\/\/loxone.ctw.sk\/index.php\/wp-json\/wp\/v2\/product_cat?post=581"},{"taxonomy":"product_tag","embeddable":true,"href":"https:\/\/loxone.ctw.sk\/index.php\/wp-json\/wp\/v2\/product_tag?post=581"}],"curies":[{"name":"wp","href":"https:\/\/api.w.org\/{rel}","templated":true}]}}