{"id":612,"date":"2026-01-09T10:29:49","date_gmt":"2026-01-09T09:29:49","guid":{"rendered":"https:\/\/shop.dohlad.info\/index.php\/product\/tree-extension\/"},"modified":"2026-02-09T00:22:51","modified_gmt":"2026-02-08T23:22:51","slug":"tree-extension","status":"publish","type":"product","link":"https:\/\/loxone.ctw.sk\/index.php\/product\/tree-extension\/","title":{"rendered":"Tree Extension"},"content":{"rendered":"<p>Loxone Tree Extension roz\u0161iruje mo\u017enosti Miniservera a umo\u017e\u0148uje <strong>integr\u00e1ciu \u0161irokej \u0161k\u00e1ly zariaden\u00ed<\/strong> vybaven\u00fdch technol\u00f3giou Loxone Tree.<\/p>\n<p><strong>Vlastnosti:<\/strong><\/p>\n<ul>\n<li>Dve vetvy Tree pre pripojenie a\u017e 50 zariaden\u00ed na ka\u017ed\u00fa.<\/li>\n<li>A\u017e o 80% menej pr\u00e1ce s kabel\u00e1\u017eou.<\/li>\n<li>Topol\u00f3gia vedenia: linka, hviezda a strom.<\/li>\n<li>Vysok\u00e1 prenosov\u00e1 r\u00fdchlos\u0165 bez oneskorenia.<\/li>\n<li>Mo\u017enos\u0165 aktualiz\u00e1cie.<\/li>\n<li>Integrovan\u00e1 funkcia diagnostiky.<\/li>\n<li>\u0160ifrovan\u00e1 komunik\u00e1cia.<\/li>\n<\/ul>\n","protected":false},"excerpt":{"rendered":"<p>Loxone Tree Extension roz\u0161iruje mo\u017enosti Miniservera a umo\u017e\u0148uje <strong>integr\u00e1ciu \u0161irokej \u0161k\u00e1ly zariaden\u00ed<\/strong> vybaven\u00fdch technol\u00f3giou Loxone Tree.<\/p>\n<p>&nbsp;<\/p>\n","protected":false},"featured_media":1841,"template":"","meta":[],"location":[],"product_brand":[],"product_cat":[385,366],"product_tag":[],"class_list":{"0":"post-612","1":"product","2":"type-product","3":"status-publish","4":"has-post-thumbnail","6":"product_cat-tree-extensiony-rozhrania","7":"product_cat-2-deliace-jednotky","9":"first","10":"instock","11":"sold-individually","12":"taxable","13":"shipping-taxable","14":"purchasable","15":"product-type-simple"},"locations":[],"_links":{"self":[{"href":"https:\/\/loxone.ctw.sk\/index.php\/wp-json\/wp\/v2\/product\/612","targetHints":{"allow":["GET"]}}],"collection":[{"href":"https:\/\/loxone.ctw.sk\/index.php\/wp-json\/wp\/v2\/product"}],"about":[{"href":"https:\/\/loxone.ctw.sk\/index.php\/wp-json\/wp\/v2\/types\/product"}],"wp:featuredmedia":[{"embeddable":true,"href":"https:\/\/loxone.ctw.sk\/index.php\/wp-json\/wp\/v2\/media\/1841"}],"wp:attachment":[{"href":"https:\/\/loxone.ctw.sk\/index.php\/wp-json\/wp\/v2\/media?parent=612"}],"wp:term":[{"taxonomy":"location","embeddable":true,"href":"https:\/\/loxone.ctw.sk\/index.php\/wp-json\/wp\/v2\/location?post=612"},{"taxonomy":"product_brand","embeddable":true,"href":"https:\/\/loxone.ctw.sk\/index.php\/wp-json\/wp\/v2\/product_brand?post=612"},{"taxonomy":"product_cat","embeddable":true,"href":"https:\/\/loxone.ctw.sk\/index.php\/wp-json\/wp\/v2\/product_cat?post=612"},{"taxonomy":"product_tag","embeddable":true,"href":"https:\/\/loxone.ctw.sk\/index.php\/wp-json\/wp\/v2\/product_tag?post=612"}],"curies":[{"name":"wp","href":"https:\/\/api.w.org\/{rel}","templated":true}]}}