{"id":648,"date":"2026-01-09T10:29:49","date_gmt":"2026-01-09T09:29:49","guid":{"rendered":"https:\/\/shop.dohlad.info\/index.php\/product\/stropne-led-svetlo-rgbw-tree-biela\/"},"modified":"2026-02-10T00:22:46","modified_gmt":"2026-02-09T23:22:46","slug":"stropne-led-svetlo-rgbw-tree-biela","status":"publish","type":"product","link":"https:\/\/loxone.ctw.sk\/index.php\/product\/stropne-led-svetlo-rgbw-tree-biela\/","title":{"rendered":"Stropn\u00e9 LED svetlo RGBW Tree biela"},"content":{"rendered":"<p>Stropn\u00e9 LED svetlo RGBW Air je stropn\u00e9 svietidlo <strong>s integrovan\u00fdm detektorom pohybu a \u010didlom jasu<\/strong>, ktor\u00e9 kombinuje farebn\u00e9 svetlo a tepl\u00e9 biele svetlo. Ovl\u00e1danie a stmievanie prebieha priamo cez rozhranie Tree.<\/p>\n<p><strong>\u00a0Funkcie:<\/strong><\/p>\n<ul>\n<li>Jemn\u00e9 stmievanie.<\/li>\n<li>Nad\u010dasov\u00fd dizajn.<\/li>\n<li>Homog\u00e9nne osvetlenie plochy.<\/li>\n<li>Jednoduch\u00e1 in\u0161tal\u00e1cia v\u010faka ochrane proti p\u00e1du a upev\u0148ovac\u00edm magnetom.<\/li>\n<li>Jedno svietidlo pokryje a\u017e 20 m\u00b2 &#8211; ide\u00e1lne pre kancel\u00e1rie, sklady, k\u00fape\u013ene, toalety a \u010fal\u0161ie.<\/li>\n<\/ul>\n","protected":false},"excerpt":{"rendered":"<p>Stropn\u00e9 LED svetlo RGBW Air je stropn\u00e9 svietidlo <strong>s integrovan\u00fdm detektorom pohybu a \u010didlom jasu<\/strong>, ktor\u00e9 kombinuje farebn\u00e9 svetlo a tepl\u00e9 biele svetlo. Ovl\u00e1danie a stmievanie prebieha priamo cez rozhranie Tree.<\/p>\n<p>&nbsp;<\/p>\n","protected":false},"featured_media":1845,"template":"","meta":[],"location":[],"product_brand":[],"product_cat":[387],"product_tag":[],"class_list":{"0":"post-648","1":"product","2":"type-product","3":"status-publish","4":"has-post-thumbnail","6":"product_cat-tree-osvetlenie","8":"first","9":"instock","10":"sold-individually","11":"taxable","12":"shipping-taxable","13":"purchasable","14":"product-type-simple"},"locations":[],"_links":{"self":[{"href":"https:\/\/loxone.ctw.sk\/index.php\/wp-json\/wp\/v2\/product\/648","targetHints":{"allow":["GET"]}}],"collection":[{"href":"https:\/\/loxone.ctw.sk\/index.php\/wp-json\/wp\/v2\/product"}],"about":[{"href":"https:\/\/loxone.ctw.sk\/index.php\/wp-json\/wp\/v2\/types\/product"}],"wp:featuredmedia":[{"embeddable":true,"href":"https:\/\/loxone.ctw.sk\/index.php\/wp-json\/wp\/v2\/media\/1845"}],"wp:attachment":[{"href":"https:\/\/loxone.ctw.sk\/index.php\/wp-json\/wp\/v2\/media?parent=648"}],"wp:term":[{"taxonomy":"location","embeddable":true,"href":"https:\/\/loxone.ctw.sk\/index.php\/wp-json\/wp\/v2\/location?post=648"},{"taxonomy":"product_brand","embeddable":true,"href":"https:\/\/loxone.ctw.sk\/index.php\/wp-json\/wp\/v2\/product_brand?post=648"},{"taxonomy":"product_cat","embeddable":true,"href":"https:\/\/loxone.ctw.sk\/index.php\/wp-json\/wp\/v2\/product_cat?post=648"},{"taxonomy":"product_tag","embeddable":true,"href":"https:\/\/loxone.ctw.sk\/index.php\/wp-json\/wp\/v2\/product_tag?post=648"}],"curies":[{"name":"wp","href":"https:\/\/api.w.org\/{rel}","templated":true}]}}