{"id":703,"date":"2026-01-09T10:30:24","date_gmt":"2026-01-09T09:30:24","guid":{"rendered":"https:\/\/shop.dohlad.info\/index.php\/product\/touch-nightlight-classic-air-zlata\/"},"modified":"2026-02-10T00:20:56","modified_gmt":"2026-02-09T23:20:56","slug":"touch-nightlight-classic-air-zlata","status":"publish","type":"product","link":"https:\/\/loxone.ctw.sk\/index.php\/product\/touch-nightlight-classic-air-zlata\/","title":{"rendered":"Touch Nightlight Classic Air zlat\u00e1"},"content":{"rendered":"<p>Loxone Touch Nightlight Air je <strong>no\u010dn\u00e9 svetlo s integrovan\u00fdm bud\u00edkom <\/strong>na ovl\u00e1danie najd\u00f4le\u017eitej\u0161\u00edch funkci\u00ed miestnosti. Ide\u00e1lne sa hod\u00ed na no\u010dn\u00fd stol\u00edk, ale mo\u017eno ho pou\u017ei\u0165 aj na stoloch, policiach a na mnoh\u00fdch \u010fal\u0161\u00edch miestach.<\/p>\n<p><strong>Funkcie:<\/strong><\/p>\n<ul>\n<li>Sedem dotykov\u00fdch bodov s volite\u013enou sp\u00e4tnou v\u00e4zbou.<\/li>\n<li>Povrch z vysoko kvalitn\u00e9ho prav\u00e9ho skla.<\/li>\n<li>Ambientn\u00e9 svetlo.<\/li>\n<\/ul>\n<p>Pre najlep\u0161\u00ed pou\u017e\u00edvate\u013esk\u00fd z\u00e1\u017eitok vo va\u0161ich projektoch odpor\u00fa\u010dame: Odteraz si doprajte <a href=\"https:\/\/shop.loxone.com\/sksk\/product\/100805-touch-nightlight-air-gold\" target=\"_blank\" rel=\"noopener noreferrer\">nov\u00fd Touch Nightlight.<\/a> Prepracovan\u00fd dizajn zais\u0165uje intuit\u00edvne ovl\u00e1danie a dokonale lad\u00ed s modern\u00fdmi interi\u00e9rmi.<\/p>\n","protected":false},"excerpt":{"rendered":"<p>Loxone Touch Nightlight Air je <strong>no\u010dn\u00e9 svetlo s integrovan\u00fdm bud\u00edkom <\/strong>na ovl\u00e1danie najd\u00f4le\u017eitej\u0161\u00edch funkci\u00ed miestnosti. Ide\u00e1lne sa hod\u00ed na no\u010dn\u00fd stol\u00edk, ale mo\u017eno ho pou\u017ei\u0165 aj na stoloch, policiach a na mnoh\u00fdch \u010fal\u0161\u00edch miestach.<\/p>\n<p>&nbsp;<\/p>\n","protected":false},"featured_media":704,"template":"","meta":[],"location":[],"product_brand":[],"product_cat":[384,337],"product_tag":[],"class_list":{"0":"post-703","1":"product","2":"type-product","3":"status-publish","4":"has-post-thumbnail","6":"product_cat-air-osvetlenie","7":"product_cat-air","9":"first","10":"instock","11":"sold-individually","12":"taxable","13":"shipping-taxable","14":"purchasable","15":"product-type-simple"},"locations":[],"_links":{"self":[{"href":"https:\/\/loxone.ctw.sk\/index.php\/wp-json\/wp\/v2\/product\/703","targetHints":{"allow":["GET"]}}],"collection":[{"href":"https:\/\/loxone.ctw.sk\/index.php\/wp-json\/wp\/v2\/product"}],"about":[{"href":"https:\/\/loxone.ctw.sk\/index.php\/wp-json\/wp\/v2\/types\/product"}],"wp:featuredmedia":[{"embeddable":true,"href":"https:\/\/loxone.ctw.sk\/index.php\/wp-json\/wp\/v2\/media\/704"}],"wp:attachment":[{"href":"https:\/\/loxone.ctw.sk\/index.php\/wp-json\/wp\/v2\/media?parent=703"}],"wp:term":[{"taxonomy":"location","embeddable":true,"href":"https:\/\/loxone.ctw.sk\/index.php\/wp-json\/wp\/v2\/location?post=703"},{"taxonomy":"product_brand","embeddable":true,"href":"https:\/\/loxone.ctw.sk\/index.php\/wp-json\/wp\/v2\/product_brand?post=703"},{"taxonomy":"product_cat","embeddable":true,"href":"https:\/\/loxone.ctw.sk\/index.php\/wp-json\/wp\/v2\/product_cat?post=703"},{"taxonomy":"product_tag","embeddable":true,"href":"https:\/\/loxone.ctw.sk\/index.php\/wp-json\/wp\/v2\/product_tag?post=703"}],"curies":[{"name":"wp","href":"https:\/\/api.w.org\/{rel}","templated":true}]}}