{"id":793,"date":"2026-01-09T10:30:59","date_gmt":"2026-01-09T09:30:59","guid":{"rendered":"https:\/\/shop.dohlad.info\/index.php\/product\/sd-karta-s-firmverom-pre-miniserver-compact\/"},"modified":"2026-02-08T14:32:20","modified_gmt":"2026-02-08T13:32:20","slug":"sd-karta-s-firmverom-pre-miniserver-compact","status":"publish","type":"product","link":"https:\/\/loxone.ctw.sk\/index.php\/product\/sd-karta-s-firmverom-pre-miniserver-compact\/","title":{"rendered":"SD karta s firmv\u00e9rom pre Miniserver Compact"},"content":{"rendered":"<p>Priemyseln\u00e1 8GB <strong>SD karta je ur\u010den\u00e1 pre Miniserver Compact<\/strong>. SD karty sa l\u00ed\u0161ia predin\u0161talovanou verziou firmv\u00e9ru, ktor\u00fa je mo\u017en\u00e9 upravi\u0165 v Loxone Configu. Pre maxim\u00e1lny v\u00fdkon pristupuje Loxone OS k mnoh\u00fdm n\u00edzko\u00farov\u0148ov\u00fdm funkci\u00e1m karty, \u010do je odli\u0161n\u00e9 napr\u00edklad od digit\u00e1lnych fotoapar\u00e1tov. SD karty prech\u00e1dzaj\u00fa nieko\u013ekot\u00fd\u017ed\u0148ov\u00fdm kvalitat\u00edvnym testovan\u00edm, ne\u017e s\u00fa schv\u00e1len\u00e9 na pou\u017eitie v Miniserveri Compact a na predaj.<\/p>\n<p><strong>Vlastnosti:<\/strong><\/p>\n<ul>\n<li>8GB priemyseln\u00e1 Micro-SD karta.<\/li>\n<li>Adapt\u00e9r pre Micro-SD kartu.<\/li>\n<li>A\u017e 60\u00d7 dlh\u0161ia \u017eivotnos\u0165 ako be\u017en\u00e9 SD karty.<\/li>\n<\/ul>\n<p><strong>Pou\u017e\u00edvajte v\u00fdhradne SD karty od Loxone<\/strong>. Pri pou\u017eit\u00ed in\u00fdch SD kariet nie je mo\u017en\u00e9 uplatni\u0165 z\u00e1ruku.<\/p>\n","protected":false},"excerpt":{"rendered":"<p>Priemyseln\u00e1 8GB <strong>SD karta je ur\u010den\u00e1 pre Miniserver Compact<\/strong>. SD karty sa l\u00ed\u0161ia predin\u0161talovanou verziou firmv\u00e9ru, ktor\u00fa je mo\u017en\u00e9 upravi\u0165 v Loxone Configu. Pre maxim\u00e1lny v\u00fdkon pristupuje Loxone OS k mnoh\u00fdm n\u00edzko\u00farov\u0148ov\u00fdm funkci\u00e1m karty, \u010do je odli\u0161n\u00e9 napr\u00edklad od digit\u00e1lnych fotoapar\u00e1tov. SD karty prech\u00e1dzaj\u00fa nieko\u013ekot\u00fd\u017ed\u0148ov\u00fdm kvalitat\u00edvnym testovan\u00edm, ne\u017e s\u00fa schv\u00e1len\u00e9 na pou\u017eitie v Miniserveri Compact a na predaj.<\/p>\n<p>&nbsp;<\/p>\n","protected":false},"featured_media":794,"template":"","meta":[],"location":[],"product_brand":[],"product_cat":[378,379],"product_tag":[],"class_list":{"0":"post-793","1":"product","2":"type-product","3":"status-publish","4":"has-post-thumbnail","6":"product_cat-sd-karty","7":"product_cat-sd-karty-prislusenstvo","9":"first","10":"instock","11":"sold-individually","12":"taxable","13":"shipping-taxable","14":"purchasable","15":"product-type-simple"},"locations":[],"_links":{"self":[{"href":"https:\/\/loxone.ctw.sk\/index.php\/wp-json\/wp\/v2\/product\/793","targetHints":{"allow":["GET"]}}],"collection":[{"href":"https:\/\/loxone.ctw.sk\/index.php\/wp-json\/wp\/v2\/product"}],"about":[{"href":"https:\/\/loxone.ctw.sk\/index.php\/wp-json\/wp\/v2\/types\/product"}],"wp:featuredmedia":[{"embeddable":true,"href":"https:\/\/loxone.ctw.sk\/index.php\/wp-json\/wp\/v2\/media\/794"}],"wp:attachment":[{"href":"https:\/\/loxone.ctw.sk\/index.php\/wp-json\/wp\/v2\/media?parent=793"}],"wp:term":[{"taxonomy":"location","embeddable":true,"href":"https:\/\/loxone.ctw.sk\/index.php\/wp-json\/wp\/v2\/location?post=793"},{"taxonomy":"product_brand","embeddable":true,"href":"https:\/\/loxone.ctw.sk\/index.php\/wp-json\/wp\/v2\/product_brand?post=793"},{"taxonomy":"product_cat","embeddable":true,"href":"https:\/\/loxone.ctw.sk\/index.php\/wp-json\/wp\/v2\/product_cat?post=793"},{"taxonomy":"product_tag","embeddable":true,"href":"https:\/\/loxone.ctw.sk\/index.php\/wp-json\/wp\/v2\/product_tag?post=793"}],"curies":[{"name":"wp","href":"https:\/\/api.w.org\/{rel}","templated":true}]}}