{"id":839,"date":"2026-01-09T10:31:33","date_gmt":"2026-01-09T09:31:33","guid":{"rendered":"https:\/\/shop.dohlad.info\/index.php\/product\/touch-pure-flex-24v-co2-air-zamatovo-biela\/"},"modified":"2026-01-09T10:31:41","modified_gmt":"2026-01-09T09:31:41","slug":"touch-pure-flex-24v-co2-air-zamatovo-biela","status":"publish","type":"product","link":"https:\/\/loxone.ctw.sk\/index.php\/product\/touch-pure-flex-24v-co2-air-zamatovo-biela\/","title":{"rendered":"Touch Pure Flex 24V CO2 Air zamatovo biela"},"content":{"rendered":"<p>Touch Pure Flex je va\u0161e <strong>100% personalizovan\u00e9 ovl\u00e1dacie zariadenie<\/strong> s a\u017e <strong>12 vo\u013ene definovate\u013en\u00fdmi a polohovate\u013en\u00fdmi dotykov\u00fdmi bodm<\/strong>i. Pomocou integrovan\u00e9ho maticov\u00e9ho LED displeja, ako aj 3 stavov\u00fdch LED di\u00f3d mo\u017eno zobrazova\u0165 menu, hodnoty, texty a stavy.<\/p>\n<p>Integrovan\u00fd senzor<strong> meria teplotu, relat\u00edvnu vlhkos\u0165 a hodnotu CO2<\/strong>. V\u010faka integrovan\u00e9mu osvetleniu je zariadenie Touch Pure Flex ide\u00e1lne na prev\u00e1dzku v podmienkach slab\u00e9ho osvetlenia alebo v \u00faplnej tme.<\/p>\n","protected":false},"excerpt":{"rendered":"<p>Touch Pure Flex je va\u0161e <strong>100% personalizovan\u00e9 ovl\u00e1dacie zariadenie<\/strong> s a\u017e <strong>12 vo\u013ene definovate\u013en\u00fdmi a polohovate\u013en\u00fdmi dotykov\u00fdmi bodm<\/strong>i. Pomocou integrovan\u00e9ho maticov\u00e9ho LED displeja, ako aj 3 stavov\u00fdch LED di\u00f3d mo\u017eno zobrazova\u0165 menu, hodnoty, texty a stavy.<\/p>\n<p>Integrovan\u00fd senzor<strong> meria teplotu, relat\u00edvnu vlhkos\u0165 a hodnotu CO2<\/strong>. V\u010faka integrovan\u00e9mu osvetleniu je zariadenie Touch Pure Flex ide\u00e1lne na prev\u00e1dzku v podmienkach slab\u00e9ho osvetlenia alebo v \u00faplnej tme.<\/p>\n","protected":false},"featured_media":840,"template":"","meta":[],"location":[],"product_brand":[],"product_cat":[15],"product_tag":[],"class_list":{"0":"post-839","1":"product","2":"type-product","3":"status-publish","4":"has-post-thumbnail","6":"product_cat-uncategorized","8":"first","9":"instock","10":"sold-individually","11":"taxable","12":"shipping-taxable","13":"purchasable","14":"product-type-simple"},"locations":[],"_links":{"self":[{"href":"https:\/\/loxone.ctw.sk\/index.php\/wp-json\/wp\/v2\/product\/839","targetHints":{"allow":["GET"]}}],"collection":[{"href":"https:\/\/loxone.ctw.sk\/index.php\/wp-json\/wp\/v2\/product"}],"about":[{"href":"https:\/\/loxone.ctw.sk\/index.php\/wp-json\/wp\/v2\/types\/product"}],"wp:featuredmedia":[{"embeddable":true,"href":"https:\/\/loxone.ctw.sk\/index.php\/wp-json\/wp\/v2\/media\/840"}],"wp:attachment":[{"href":"https:\/\/loxone.ctw.sk\/index.php\/wp-json\/wp\/v2\/media?parent=839"}],"wp:term":[{"taxonomy":"location","embeddable":true,"href":"https:\/\/loxone.ctw.sk\/index.php\/wp-json\/wp\/v2\/location?post=839"},{"taxonomy":"product_brand","embeddable":true,"href":"https:\/\/loxone.ctw.sk\/index.php\/wp-json\/wp\/v2\/product_brand?post=839"},{"taxonomy":"product_cat","embeddable":true,"href":"https:\/\/loxone.ctw.sk\/index.php\/wp-json\/wp\/v2\/product_cat?post=839"},{"taxonomy":"product_tag","embeddable":true,"href":"https:\/\/loxone.ctw.sk\/index.php\/wp-json\/wp\/v2\/product_tag?post=839"}],"curies":[{"name":"wp","href":"https:\/\/api.w.org\/{rel}","templated":true}]}}