{"id":853,"date":"2026-01-09T10:31:33","date_gmt":"2026-01-09T09:31:33","guid":{"rendered":"https:\/\/shop.dohlad.info\/index.php\/product\/senzor-teploty-a-vlhkosti-vonkajsi\/"},"modified":"2026-01-09T10:31:52","modified_gmt":"2026-01-09T09:31:52","slug":"senzor-teploty-a-vlhkosti-vonkajsi","status":"publish","type":"product","link":"https:\/\/loxone.ctw.sk\/index.php\/product\/senzor-teploty-a-vlhkosti-vonkajsi\/","title":{"rendered":"Senzor teploty a vlhkosti (vonkaj\u0161\u00ed)"},"content":{"rendered":"<p>Senzor je kombin\u00e1ciou senzora <strong>vlhkosti a senzora teploty.<\/strong> Je ide\u00e1lny na vonkaj\u0161ie pou\u017eitie.<\/p>\n<p><strong>Technick\u00e9 detaily:<\/strong><\/p>\n<ul>\n<li>Integrovan\u00fd merac\u00ed prevodn\u00edk 0-10V<\/li>\n<li>Stupe\u0148 ochrany: IP54<\/li>\n<li>Vhodn\u00e9 pre v\u0161etky zariadenia, ktor\u00e9 dok\u00e1\u017eu spracova\u0165 \u0161tandardn\u00fd sign\u00e1l 0-10V<\/li>\n<\/ul>\n","protected":false},"excerpt":{"rendered":"<p>Senzor je kombin\u00e1ciou senzora <strong>vlhkosti a senzora teploty.<\/strong> Je ide\u00e1lny na vonkaj\u0161ie pou\u017eitie.<\/p>\n<p><strong>Technick\u00e9 detaily:<\/strong><\/p>\n<ul>\n<li>Integrovan\u00fd merac\u00ed prevodn\u00edk 0-10V<\/li>\n<li>Stupe\u0148 ochrany: IP54<\/li>\n<li>Vhodn\u00e9 pre v\u0161etky zariadenia, ktor\u00e9 dok\u00e1\u017eu spracova\u0165 \u0161tandardn\u00fd sign\u00e1l 0-10V<\/li>\n<\/ul>\n","protected":false},"featured_media":854,"template":"","meta":[],"location":[],"product_brand":[],"product_cat":[348,349,353],"product_tag":[],"class_list":{"0":"post-853","1":"product","2":"type-product","3":"status-publish","4":"has-post-thumbnail","6":"product_cat-klima","7":"product_cat-prislusenstvo-tienenie","8":"product_cat-senzory-prislusenstvo","10":"first","11":"instock","12":"sold-individually","13":"taxable","14":"shipping-taxable","15":"purchasable","16":"product-type-simple"},"locations":[],"_links":{"self":[{"href":"https:\/\/loxone.ctw.sk\/index.php\/wp-json\/wp\/v2\/product\/853","targetHints":{"allow":["GET"]}}],"collection":[{"href":"https:\/\/loxone.ctw.sk\/index.php\/wp-json\/wp\/v2\/product"}],"about":[{"href":"https:\/\/loxone.ctw.sk\/index.php\/wp-json\/wp\/v2\/types\/product"}],"wp:featuredmedia":[{"embeddable":true,"href":"https:\/\/loxone.ctw.sk\/index.php\/wp-json\/wp\/v2\/media\/854"}],"wp:attachment":[{"href":"https:\/\/loxone.ctw.sk\/index.php\/wp-json\/wp\/v2\/media?parent=853"}],"wp:term":[{"taxonomy":"location","embeddable":true,"href":"https:\/\/loxone.ctw.sk\/index.php\/wp-json\/wp\/v2\/location?post=853"},{"taxonomy":"product_brand","embeddable":true,"href":"https:\/\/loxone.ctw.sk\/index.php\/wp-json\/wp\/v2\/product_brand?post=853"},{"taxonomy":"product_cat","embeddable":true,"href":"https:\/\/loxone.ctw.sk\/index.php\/wp-json\/wp\/v2\/product_cat?post=853"},{"taxonomy":"product_tag","embeddable":true,"href":"https:\/\/loxone.ctw.sk\/index.php\/wp-json\/wp\/v2\/product_tag?post=853"}],"curies":[{"name":"wp","href":"https:\/\/api.w.org\/{rel}","templated":true}]}}