{"id":856,"date":"2026-01-09T10:31:33","date_gmt":"2026-01-09T09:31:33","guid":{"rendered":"https:\/\/shop.dohlad.info\/index.php\/product\/spojovacie-rele\/"},"modified":"2026-02-10T00:53:52","modified_gmt":"2026-02-09T23:53:52","slug":"spojovacie-rele","status":"publish","type":"product","link":"https:\/\/loxone.ctw.sk\/index.php\/product\/spojovacie-rele\/","title":{"rendered":"Spojovacie rel\u00e9"},"content":{"rendered":"<p>Vysoko kvalitn\u00e9 16A spojovacie rel\u00e9 je ide\u00e1lne v spojen\u00ed s <strong>riadiacimi jednotkami Loxone<\/strong>. Na jednej strane rel\u00e9 umo\u017e\u0148uje pou\u017eitie <strong>230V senzorov<\/strong> na digit\u00e1lnych 24V vstupoch (napr. 230V pohybov\u00e9 senzory). Na druh\u00fa stranu, rel\u00e9 umo\u017e\u0148uje <strong>sp\u00edna\u0165 z\u00e1\u0165a\u017ee<\/strong> nad 5 A (a\u017e 16 A) na digit\u00e1lnych v\u00fdstupoch.<\/p>\n<p><strong>Vlastnosti:<\/strong><\/p>\n<ul>\n<li>Optim\u00e1lna v spojen\u00ed s riaden\u00edm Loxone.<\/li>\n<li>Umo\u017e\u0148uje pou\u017eitie 230V senzorov.<\/li>\n<li>Na sp\u00ednanie z\u00e1\u0165a\u017ee nad 5 A (a\u017e 16 A).<\/li>\n<\/ul>\n","protected":false},"excerpt":{"rendered":"<p>Vysoko kvalitn\u00e9 16A spojovacie rel\u00e9 je ide\u00e1lne v spojen\u00ed s <strong>riadiacimi jednotkami Loxone<\/strong>. Na jednej strane rel\u00e9 umo\u017e\u0148uje pou\u017eitie <strong>230V senzorov<\/strong> na digit\u00e1lnych 24V vstupoch (napr. 230V pohybov\u00e9 senzory). Na druh\u00fa stranu, rel\u00e9 umo\u017e\u0148uje <strong>sp\u00edna\u0165 z\u00e1\u0165a\u017ee<\/strong> nad 5 A (a\u017e 16 A) na digit\u00e1lnych v\u00fdstupoch.<\/p>\n<p>&nbsp;<\/p>\n","protected":false},"featured_media":857,"template":"","meta":[],"location":[],"product_brand":[],"product_cat":[15],"product_tag":[],"class_list":{"0":"post-856","1":"product","2":"type-product","3":"status-publish","4":"has-post-thumbnail","6":"product_cat-uncategorized","8":"first","9":"instock","10":"sold-individually","11":"taxable","12":"shipping-taxable","13":"purchasable","14":"product-type-simple"},"locations":[],"_links":{"self":[{"href":"https:\/\/loxone.ctw.sk\/index.php\/wp-json\/wp\/v2\/product\/856","targetHints":{"allow":["GET"]}}],"collection":[{"href":"https:\/\/loxone.ctw.sk\/index.php\/wp-json\/wp\/v2\/product"}],"about":[{"href":"https:\/\/loxone.ctw.sk\/index.php\/wp-json\/wp\/v2\/types\/product"}],"wp:featuredmedia":[{"embeddable":true,"href":"https:\/\/loxone.ctw.sk\/index.php\/wp-json\/wp\/v2\/media\/857"}],"wp:attachment":[{"href":"https:\/\/loxone.ctw.sk\/index.php\/wp-json\/wp\/v2\/media?parent=856"}],"wp:term":[{"taxonomy":"location","embeddable":true,"href":"https:\/\/loxone.ctw.sk\/index.php\/wp-json\/wp\/v2\/location?post=856"},{"taxonomy":"product_brand","embeddable":true,"href":"https:\/\/loxone.ctw.sk\/index.php\/wp-json\/wp\/v2\/product_brand?post=856"},{"taxonomy":"product_cat","embeddable":true,"href":"https:\/\/loxone.ctw.sk\/index.php\/wp-json\/wp\/v2\/product_cat?post=856"},{"taxonomy":"product_tag","embeddable":true,"href":"https:\/\/loxone.ctw.sk\/index.php\/wp-json\/wp\/v2\/product_tag?post=856"}],"curies":[{"name":"wp","href":"https:\/\/api.w.org\/{rel}","templated":true}]}}