{"id":899,"date":"2026-01-09T10:32:02","date_gmt":"2026-01-09T09:32:02","guid":{"rendered":"https:\/\/shop.dohlad.info\/index.php\/product\/napajaci-zdroj-do-zasuvky-24v-625a\/"},"modified":"2026-02-09T00:15:56","modified_gmt":"2026-02-08T23:15:56","slug":"napajaci-zdroj-do-zasuvky-24v-625a","status":"publish","type":"product","link":"https:\/\/loxone.ctw.sk\/index.php\/product\/napajaci-zdroj-do-zasuvky-24v-625a\/","title":{"rendered":"Nap\u00e1jac\u00ed zdroj do z\u00e1suvky 24V, 6,25A"},"content":{"rendered":"<p>Nap\u00e1jac\u00ed zdroj je mo\u017en\u00e9 zabudova\u0165 aj do zn\u00ed\u017een\u00fdch stropov alebo n\u00e1bytku. Zdroj d\u00e1va na v\u00fdstupe 24 V DC a maxim\u00e1lny v\u00fdkon je 6,25 A.<\/p>\n<p><strong>Technick\u00e9 detaily:<\/strong><\/p>\n<ul>\n<li>Vstupn\u00e9 nap\u00e4tie od 90 do 264 V AC (47\u2013\u2060\u2060\u2060\u2060\u2060\u206063 Hz).<\/li>\n<li>Priame napojenie v\u010faka svorke a k\u00e1blu.<\/li>\n<li>H\u013abka in\u0161tal\u00e1cie: 44 mm.<\/li>\n<li>Rozmery produktu: 85 \u00d7 170 \u00d7 44 mm.<\/li>\n<\/ul>\n","protected":false},"excerpt":{"rendered":"<p>Nap\u00e1jac\u00ed zdroj je mo\u017en\u00e9 zabudova\u0165 aj do zn\u00ed\u017een\u00fdch stropov alebo n\u00e1bytku. Zdroj d\u00e1va na v\u00fdstupe 24 V DC a maxim\u00e1lny v\u00fdkon je 6,25 A.<\/p>\n<p>&nbsp;<\/p>\n","protected":false},"featured_media":900,"template":"","meta":[],"location":[],"product_brand":[],"product_cat":[351,352],"product_tag":[],"class_list":{"0":"post-899","1":"product","2":"type-product","3":"status-publish","4":"has-post-thumbnail","6":"product_cat-napajacie_zdroje","7":"product_cat-napajacie-zdroje-prislusenstvo","9":"first","10":"instock","11":"sold-individually","12":"taxable","13":"shipping-taxable","14":"purchasable","15":"product-type-simple"},"locations":[],"_links":{"self":[{"href":"https:\/\/loxone.ctw.sk\/index.php\/wp-json\/wp\/v2\/product\/899","targetHints":{"allow":["GET"]}}],"collection":[{"href":"https:\/\/loxone.ctw.sk\/index.php\/wp-json\/wp\/v2\/product"}],"about":[{"href":"https:\/\/loxone.ctw.sk\/index.php\/wp-json\/wp\/v2\/types\/product"}],"wp:featuredmedia":[{"embeddable":true,"href":"https:\/\/loxone.ctw.sk\/index.php\/wp-json\/wp\/v2\/media\/900"}],"wp:attachment":[{"href":"https:\/\/loxone.ctw.sk\/index.php\/wp-json\/wp\/v2\/media?parent=899"}],"wp:term":[{"taxonomy":"location","embeddable":true,"href":"https:\/\/loxone.ctw.sk\/index.php\/wp-json\/wp\/v2\/location?post=899"},{"taxonomy":"product_brand","embeddable":true,"href":"https:\/\/loxone.ctw.sk\/index.php\/wp-json\/wp\/v2\/product_brand?post=899"},{"taxonomy":"product_cat","embeddable":true,"href":"https:\/\/loxone.ctw.sk\/index.php\/wp-json\/wp\/v2\/product_cat?post=899"},{"taxonomy":"product_tag","embeddable":true,"href":"https:\/\/loxone.ctw.sk\/index.php\/wp-json\/wp\/v2\/product_tag?post=899"}],"curies":[{"name":"wp","href":"https:\/\/api.w.org\/{rel}","templated":true}]}}