{"id":903,"date":"2026-01-09T10:32:02","date_gmt":"2026-01-09T09:32:02","guid":{"rendered":"https:\/\/shop.dohlad.info\/index.php\/product\/citacka-elektronickych-klucov-nerez\/"},"modified":"2026-02-10T00:47:08","modified_gmt":"2026-02-09T23:47:08","slug":"citacka-elektronickych-klucov-nerez","status":"publish","type":"product","link":"https:\/\/loxone.ctw.sk\/index.php\/product\/citacka-elektronickych-klucov-nerez\/","title":{"rendered":"\u010c\u00edta\u010dka elektronick\u00fdch k\u013e\u00fa\u010dov \u2013 nerez"},"content":{"rendered":"<p>S magnetickou \u010d\u00edta\u010dkou iButton vytvor\u00edte va\u0161im z\u00e1kazn\u00edkom <strong>inteligentn\u00e9 pr\u00edstupov\u00e9 rie\u0161enie<\/strong> na b\u00e1ze technol\u00f3gie <strong>1-Wire<\/strong>.<\/p>\n<p><strong>Vlastnosti:<\/strong><\/p>\n<ul>\n<li>Na realiz\u00e1ciu jednoduch\u00e9ho, cenovo dostupn\u00e9ho a efekt\u00edvneho pr\u00edstupov\u00e9ho syst\u00e9mu.<\/li>\n<li>Dokonale sa hod\u00ed pre dom\u00e1cnosti, kancel\u00e1rie, sklady a mnoho \u010fal\u0161ieho.<\/li>\n<li>Spojen\u00e9 funkcie (pri prilo\u017een\u00ed k\u013e\u00fa\u010da \u2013 aktiv\u00e1cia uv\u00edtacej sc\u00e9ny).<\/li>\n<li>Mont\u00e1\u017e na stenu, panely alebo zariadenia.<\/li>\n<li>Vyroben\u00e9 z vysoko kvalitnej nerezovej ocele.<\/li>\n<\/ul>\n<p><strong>Technick\u00e9 detaily:<\/strong><\/p>\n<ul>\n<li>Materi\u00e1l: Nerezov\u00e1 oce\u013e (1.4418).<\/li>\n<li>Dvojfarebn\u00e1 LED uprostred \u010d\u00edtacej jednotky (\u010derven\u00e1\/zelen\u00e1).<\/li>\n<li>Prev\u00e1dzkov\u00e1 teplota: -40 \u00b0C a\u017e 85 \u00b0C.<\/li>\n<li>In\u0161tala\u010dn\u00e1 h\u013abka: 10 mm.<\/li>\n<li>In\u0161tala\u010dn\u00fd priemer: 20 mm.<\/li>\n<\/ul>\n","protected":false},"excerpt":{"rendered":"<p>S magnetickou \u010d\u00edta\u010dkou iButton vytvor\u00edte va\u0161im z\u00e1kazn\u00edkom <strong>inteligentn\u00e9 pr\u00edstupov\u00e9 rie\u0161enie<\/strong> na b\u00e1ze technol\u00f3gie <strong>1-Wire<\/strong>.<\/p>\n<p>&nbsp;<\/p>\n","protected":false},"featured_media":904,"template":"","meta":[],"location":[],"product_brand":[],"product_cat":[391,371,373,390],"product_tag":[],"class_list":{"0":"post-903","1":"product","2":"type-product","3":"status-publish","4":"has-post-thumbnail","6":"product_cat-1-wire-pristup-zabezpecenie","7":"product_cat-pristup","8":"product_cat-prislusenstvo-pristup-zabezpecenie","9":"product_cat-ibuttons","11":"first","12":"instock","13":"sold-individually","14":"taxable","15":"shipping-taxable","16":"purchasable","17":"product-type-simple"},"locations":[],"_links":{"self":[{"href":"https:\/\/loxone.ctw.sk\/index.php\/wp-json\/wp\/v2\/product\/903","targetHints":{"allow":["GET"]}}],"collection":[{"href":"https:\/\/loxone.ctw.sk\/index.php\/wp-json\/wp\/v2\/product"}],"about":[{"href":"https:\/\/loxone.ctw.sk\/index.php\/wp-json\/wp\/v2\/types\/product"}],"wp:featuredmedia":[{"embeddable":true,"href":"https:\/\/loxone.ctw.sk\/index.php\/wp-json\/wp\/v2\/media\/904"}],"wp:attachment":[{"href":"https:\/\/loxone.ctw.sk\/index.php\/wp-json\/wp\/v2\/media?parent=903"}],"wp:term":[{"taxonomy":"location","embeddable":true,"href":"https:\/\/loxone.ctw.sk\/index.php\/wp-json\/wp\/v2\/location?post=903"},{"taxonomy":"product_brand","embeddable":true,"href":"https:\/\/loxone.ctw.sk\/index.php\/wp-json\/wp\/v2\/product_brand?post=903"},{"taxonomy":"product_cat","embeddable":true,"href":"https:\/\/loxone.ctw.sk\/index.php\/wp-json\/wp\/v2\/product_cat?post=903"},{"taxonomy":"product_tag","embeddable":true,"href":"https:\/\/loxone.ctw.sk\/index.php\/wp-json\/wp\/v2\/product_tag?post=903"}],"curies":[{"name":"wp","href":"https:\/\/api.w.org\/{rel}","templated":true}]}}