{"id":923,"date":"2026-01-09T10:32:02","date_gmt":"2026-01-09T09:32:02","guid":{"rendered":"https:\/\/shop.dohlad.info\/index.php\/product\/24-v-univerzalny-zdroj-pre-touch-surface-air\/"},"modified":"2026-02-09T00:15:28","modified_gmt":"2026-02-08T23:15:28","slug":"24-v-univerzalny-zdroj-pre-touch-surface-air","status":"publish","type":"product","link":"https:\/\/loxone.ctw.sk\/index.php\/product\/24-v-univerzalny-zdroj-pre-touch-surface-air\/","title":{"rendered":"24 V univerz\u00e1lny zdroj pre Touch Surface Air"},"content":{"rendered":"<p><strong> Touch Surface<\/strong> mo\u017eno jednoducho nap\u00e1ja\u0165 pomocou 24V napp\u00e1jacieho zdroja.<\/p>\n<p><strong>Technick\u00e9 detaily:<\/strong><\/p>\n<ul>\n<li>Vstup so \u0161irok\u00fdm rozsahom: 90\u2013\u2060\u2060\u2060\u2060\u2060\u2060264 V AC.<\/li>\n<li>Nepretr\u017eit\u00e1 ochrana proti skratu.<\/li>\n<li>Ochrana proti prep\u00e4tiu.<\/li>\n<li>D\u013a\u017eka k\u00e1bla: 180 cm.<\/li>\n<li>Spotreba energie: 75mW.<\/li>\n<li>Adapt\u00e9r pre krajinu (E\u00da, USA, UK, AU).<\/li>\n<\/ul>\n","protected":false},"excerpt":{"rendered":"<p><strong> Touch Surface<\/strong> mo\u017eno jednoducho nap\u00e1ja\u0165 pomocou 24V napp\u00e1jacieho zdroja.<\/p>\n<p>&nbsp;<\/p>\n","protected":false},"featured_media":924,"template":"","meta":[],"location":[],"product_brand":[],"product_cat":[351,352],"product_tag":[],"class_list":{"0":"post-923","1":"product","2":"type-product","3":"status-publish","4":"has-post-thumbnail","6":"product_cat-napajacie_zdroje","7":"product_cat-napajacie-zdroje-prislusenstvo","9":"first","10":"instock","11":"sold-individually","12":"taxable","13":"shipping-taxable","14":"purchasable","15":"product-type-simple"},"locations":[],"_links":{"self":[{"href":"https:\/\/loxone.ctw.sk\/index.php\/wp-json\/wp\/v2\/product\/923","targetHints":{"allow":["GET"]}}],"collection":[{"href":"https:\/\/loxone.ctw.sk\/index.php\/wp-json\/wp\/v2\/product"}],"about":[{"href":"https:\/\/loxone.ctw.sk\/index.php\/wp-json\/wp\/v2\/types\/product"}],"wp:featuredmedia":[{"embeddable":true,"href":"https:\/\/loxone.ctw.sk\/index.php\/wp-json\/wp\/v2\/media\/924"}],"wp:attachment":[{"href":"https:\/\/loxone.ctw.sk\/index.php\/wp-json\/wp\/v2\/media?parent=923"}],"wp:term":[{"taxonomy":"location","embeddable":true,"href":"https:\/\/loxone.ctw.sk\/index.php\/wp-json\/wp\/v2\/location?post=923"},{"taxonomy":"product_brand","embeddable":true,"href":"https:\/\/loxone.ctw.sk\/index.php\/wp-json\/wp\/v2\/product_brand?post=923"},{"taxonomy":"product_cat","embeddable":true,"href":"https:\/\/loxone.ctw.sk\/index.php\/wp-json\/wp\/v2\/product_cat?post=923"},{"taxonomy":"product_tag","embeddable":true,"href":"https:\/\/loxone.ctw.sk\/index.php\/wp-json\/wp\/v2\/product_tag?post=923"}],"curies":[{"name":"wp","href":"https:\/\/api.w.org\/{rel}","templated":true}]}}