{"id":984,"date":"2026-01-09T10:32:30","date_gmt":"2026-01-09T09:32:30","guid":{"rendered":"https:\/\/shop.dohlad.info\/index.php\/product\/loxone-usb-c-micro-sd-card-adapter\/"},"modified":"2026-01-09T10:32:59","modified_gmt":"2026-01-09T09:32:59","slug":"loxone-usb-c-micro-sd-card-adapter","status":"publish","type":"product","link":"https:\/\/loxone.ctw.sk\/index.php\/product\/loxone-usb-c-micro-sd-card-adapter\/","title":{"rendered":"Loxone USB-C Micro-SD Card Adapter"},"content":{"rendered":"<p>Ide\u00e1lne na\u00a0<strong>form\u00e1tovanie SD kariet<\/strong> Loxone Miniserver a Loxone Audioserver.<\/p>\n<p><strong>Vlastnosti:<\/strong><\/p>\n<ul>\n<li>l\u010c\u00edta\u010dka kariet Micro SD s rozhran\u00edm USB typu C.<\/li>\n<li>\u010c\u00edtanie kariet micro SD s kapacitou a\u017e 256 GB.<\/li>\n<li>Rozmery: cca 23 \u00d7 16 \u00d7 10 mm.<\/li>\n<li>Hmotnos\u0165: pribli\u017ene 4 gramy.<\/li>\n<\/ul>\n","protected":false},"excerpt":{"rendered":"<p>Ide\u00e1lne na\u00a0<strong>form\u00e1tovanie SD kariet<\/strong> Loxone Miniserver a Loxone Audioserver.<\/p>\n<p><strong>Vlastnosti:<\/strong><\/p>\n<ul>\n<li>l\u010c\u00edta\u010dka kariet Micro SD s rozhran\u00edm USB typu C.<\/li>\n<li>\u010c\u00edtanie kariet micro SD s kapacitou a\u017e 256 GB.<\/li>\n<li>Rozmery: cca 23 \u00d7 16 \u00d7 10 mm.<\/li>\n<li>Hmotnos\u0165: pribli\u017ene 4 gramy.<\/li>\n<\/ul>\n","protected":false},"featured_media":985,"template":"","meta":[],"location":[],"product_brand":[],"product_cat":[379],"product_tag":[],"class_list":{"0":"post-984","1":"product","2":"type-product","3":"status-publish","4":"has-post-thumbnail","6":"product_cat-sd-karty-prislusenstvo","8":"first","9":"instock","10":"sold-individually","11":"taxable","12":"shipping-taxable","13":"purchasable","14":"product-type-simple"},"locations":[],"_links":{"self":[{"href":"https:\/\/loxone.ctw.sk\/index.php\/wp-json\/wp\/v2\/product\/984","targetHints":{"allow":["GET"]}}],"collection":[{"href":"https:\/\/loxone.ctw.sk\/index.php\/wp-json\/wp\/v2\/product"}],"about":[{"href":"https:\/\/loxone.ctw.sk\/index.php\/wp-json\/wp\/v2\/types\/product"}],"wp:featuredmedia":[{"embeddable":true,"href":"https:\/\/loxone.ctw.sk\/index.php\/wp-json\/wp\/v2\/media\/985"}],"wp:attachment":[{"href":"https:\/\/loxone.ctw.sk\/index.php\/wp-json\/wp\/v2\/media?parent=984"}],"wp:term":[{"taxonomy":"location","embeddable":true,"href":"https:\/\/loxone.ctw.sk\/index.php\/wp-json\/wp\/v2\/location?post=984"},{"taxonomy":"product_brand","embeddable":true,"href":"https:\/\/loxone.ctw.sk\/index.php\/wp-json\/wp\/v2\/product_brand?post=984"},{"taxonomy":"product_cat","embeddable":true,"href":"https:\/\/loxone.ctw.sk\/index.php\/wp-json\/wp\/v2\/product_cat?post=984"},{"taxonomy":"product_tag","embeddable":true,"href":"https:\/\/loxone.ctw.sk\/index.php\/wp-json\/wp\/v2\/product_tag?post=984"}],"curies":[{"name":"wp","href":"https:\/\/api.w.org\/{rel}","templated":true}]}}